CRAN Package Check Results for Package neuroim

Last updated on 2022-05-18 03:53:43 CEST.

Flavor Version Tinstall Tcheck Ttotal Status Flags
r-devel-linux-x86_64-debian-clang 0.0.6 45.06 191.31 236.37 OK
r-devel-linux-x86_64-debian-gcc 0.0.6 34.32 140.24 174.56 OK
r-devel-linux-x86_64-fedora-clang 0.0.6 290.84 NOTE
r-devel-linux-x86_64-fedora-gcc 0.0.6 277.42 NOTE
r-devel-windows-x86_64 0.0.6 221.00 225.00 446.00 OK
r-patched-linux-x86_64 0.0.6 40.52 177.74 218.26 OK
r-release-linux-x86_64 0.0.6 40.14 176.99 217.13 OK
r-release-macos-arm64 0.0.6 69.00 OK
r-release-macos-x86_64 0.0.6 128.00 OK
r-release-windows-x86_64 0.0.6 145.00 241.00 386.00 OK
r-oldrel-macos-arm64 0.0.6 85.00 OK
r-oldrel-macos-x86_64 0.0.6 167.00 OK
r-oldrel-windows-ix86+x86_64 0.0.6 91.00 263.00 354.00 OK

Check Details

Version: 0.0.6
Check: compiled code
Result: NOTE
    File ‘neuroim/libs/neuroim.so’:
     Found no calls to: ‘R_registerRoutines’, ‘R_useDynamicSymbols’
    
    It is good practice to register native routines and to disable symbol
    search.
    
    See ‘Writing portable packages’ in the ‘Writing R Extensions’ manual.
Flavors: r-devel-linux-x86_64-fedora-clang, r-devel-linux-x86_64-fedora-gcc