CRAN Package Check Results for Package networkscaleup

Last updated on 2022-08-10 03:53:19 CEST.

Flavor Version Tinstall Tcheck Ttotal Status Flags
r-devel-linux-x86_64-debian-clang 0.1-1 2030.88 327.88 2358.76 NOTE
r-devel-linux-x86_64-debian-gcc 0.1-1 1820.73 323.26 2143.99 NOTE
r-devel-linux-x86_64-fedora-clang 0.1-1 3383.26 NOTE
r-devel-linux-x86_64-fedora-gcc 0.1-1 3567.90 NOTE
r-devel-windows-x86_64 0.1-1 1957.00 566.00 2523.00 NOTE
r-patched-linux-x86_64 0.1-1 0.02 4.38 4.40 ERROR
r-release-linux-x86_64 0.1-1 NOTE
r-release-macos-arm64 0.1-1 786.00 NOTE
r-release-macos-x86_64 0.1-1 1285.00 NOTE
r-release-windows-x86_64 0.1-1 1934.00 581.00 2515.00 NOTE
r-oldrel-macos-arm64 0.1-1 802.00 NOTE
r-oldrel-macos-x86_64 0.1-1 985.00 NOTE
r-oldrel-windows-ix86+x86_64 0.1-1 4300.00 699.00 4999.00 NOTE

Check Details

Version: 0.1-1
Check: for GNU extensions in Makefiles
Result: NOTE
    GNU make is a SystemRequirements.
Flavors: r-devel-linux-x86_64-debian-clang, r-devel-linux-x86_64-debian-gcc, r-devel-linux-x86_64-fedora-clang, r-devel-linux-x86_64-fedora-gcc, r-devel-windows-x86_64, r-release-linux-x86_64, r-release-macos-arm64, r-release-macos-x86_64, r-release-windows-x86_64, r-oldrel-macos-arm64, r-oldrel-macos-x86_64, r-oldrel-windows-ix86+x86_64

Version: 0.1-1
Check: installed package size
Result: NOTE
     installed size is 177.3Mb
     sub-directories of 1Mb or more:
     libs 176.5Mb
Flavors: r-devel-linux-x86_64-fedora-clang, r-devel-windows-x86_64, r-release-macos-arm64, r-release-macos-x86_64, r-release-windows-x86_64, r-oldrel-macos-arm64, r-oldrel-macos-x86_64, r-oldrel-windows-ix86+x86_64

Version: 0.1-1
Check: dependencies in R code
Result: NOTE
    Namespaces in Imports field not imported from:
     ‘RcppParallel’ ‘rstantools’
     All declared Imports should be used.
Flavors: r-devel-linux-x86_64-fedora-clang, r-devel-linux-x86_64-fedora-gcc, r-release-macos-arm64, r-release-macos-x86_64, r-oldrel-macos-arm64, r-oldrel-macos-x86_64

Version: 0.1-1
Check: whether package can be installed
Result: ERROR
    Installation failed.
Flavor: r-patched-linux-x86_64