CRAN Package Check Results for Package netmeta

Last updated on 2021-06-21 11:52:12 CEST.

Flavor Version Tinstall Tcheck Ttotal Status Flags
r-devel-linux-x86_64-debian-clang 1.4-0 25.99 383.03 409.02 OK
r-devel-linux-x86_64-debian-gcc 1.4-0 21.73 283.62 305.35 OK
r-devel-linux-x86_64-fedora-clang 1.4-0 493.81 NOTE
r-devel-linux-x86_64-fedora-gcc 1.4-0 508.02 NOTE
r-devel-windows-x86_64 1.4-0 39.00 444.00 483.00 OK
r-devel-windows-x86_64-gcc10-UCRT 1.4-0 NOTE
r-patched-linux-x86_64 1.4-0 31.29 371.05 402.34 OK
r-patched-solaris-x86 1.4-0 567.70 NOTE
r-release-linux-x86_64 1.4-0 27.64 375.28 402.92 OK
r-release-macos-arm64 1.4-0 NOTE
r-release-macos-x86_64 1.4-0 NOTE
r-release-windows-ix86+x86_64 1.4-0 51.00 449.00 500.00 OK
r-oldrel-macos-x86_64 1.4-0 NOTE

Check Details

Version: 1.4-0
Check: data for non-ASCII characters
Result: NOTE
     Note: found 1 marked UTF-8 string
Flavors: r-devel-linux-x86_64-fedora-clang, r-devel-linux-x86_64-fedora-gcc, r-devel-windows-x86_64-gcc10-UCRT, r-patched-solaris-x86, r-release-macos-arm64, r-release-macos-x86_64, r-oldrel-macos-x86_64

Version: 1.4-0
Check: package dependencies
Result: NOTE
    Package suggested but not available for checking: 'hasseDiagram'
Flavors: r-devel-windows-x86_64-gcc10-UCRT, r-release-macos-arm64

Version: 1.4-0
Check: Rd cross-references
Result: NOTE
    Package unavailable to check Rd xrefs: 'hasseDiagram'
Flavors: r-devel-windows-x86_64-gcc10-UCRT, r-release-macos-arm64