Last updated on 2023-03-21 07:54:16 CET.
Flavor | Version | Tinstall | Tcheck | Ttotal | Status | Flags |
---|---|---|---|---|---|---|
r-devel-linux-x86_64-debian-clang | 0.1.1 | OK | ||||
r-devel-linux-x86_64-debian-gcc | 0.1.1 | 11.89 | 90.95 | 102.84 | OK | |
r-devel-linux-x86_64-fedora-clang | 0.1.1 | 173.80 | NOTE | |||
r-devel-linux-x86_64-fedora-gcc | 0.1.1 | 158.40 | OK | |||
r-patched-linux-x86_64 | 0.1.1 | 15.35 | 111.80 | 127.15 | OK | |
r-release-linux-x86_64 | 0.1.1 | 13.94 | 113.66 | 127.60 | OK | |
r-release-macos-arm64 | 0.1.1 | 38.00 | OK | |||
r-release-macos-x86_64 | 0.1.1 | 64.00 | OK | |||
r-release-windows-x86_64 | 0.1.1 | 24.00 | 136.00 | 160.00 | OK | |
r-oldrel-macos-arm64 | 0.1.1 | 42.00 | OK | |||
r-oldrel-macos-x86_64 | 0.1.1 | 64.00 | OK | |||
r-oldrel-windows-ix86+x86_64 | 0.1.1 | 32.00 | 136.00 | 168.00 | OK |
Version: 0.1.1
Check: Rd cross-references
Result: NOTE
Undeclared package ‘mediation’ in Rd xrefs
Flavor: r-devel-linux-x86_64-fedora-clang