CRAN Package Check Results for Package netgwas

Last updated on 2021-04-14 23:47:19 CEST.

Flavor Version Tinstall Tcheck Ttotal Status Flags
r-devel-linux-x86_64-debian-clang 1.13 13.80 155.35 169.15 OK
r-devel-linux-x86_64-debian-gcc 1.13 10.36 121.01 131.37 OK
r-devel-linux-x86_64-fedora-clang 1.13 208.38 OK
r-devel-linux-x86_64-fedora-gcc 1.13 204.65 OK
r-devel-windows-ix86+x86_64 1.13 27.00 5.00 32.00 ERROR
r-devel-windows-x86_64-gcc10-UCRT 1.13 OK
r-patched-linux-x86_64 1.13 13.69 146.19 159.88 OK
r-patched-solaris-x86 1.13 304.80 OK
r-release-linux-x86_64 1.13 10.24 145.44 155.68 OK
r-release-macos-x86_64 1.13 OK
r-release-windows-ix86+x86_64 1.13 22.00 190.00 212.00 OK
r-oldrel-macos-x86_64 1.13 OK
r-oldrel-windows-ix86+x86_64 1.13 24.00 141.00 165.00 OK

Check Details

Version: 1.13
Check: whether package can be installed
Result: ERROR
    Installation failed.
    See for details.
    *
Flavor: r-devel-windows-ix86+x86_64