Last updated on 2022-08-10 03:53:19 CEST.
Flavor | Version | Tinstall | Tcheck | Ttotal | Status | Flags |
---|---|---|---|---|---|---|
r-devel-linux-x86_64-debian-clang | 1.0.1 | 781.73 | 131.63 | 913.36 | OK | |
r-devel-linux-x86_64-debian-gcc | 1.0.1 | 594.18 | 98.66 | 692.84 | OK | |
r-devel-linux-x86_64-fedora-clang | 1.0.1 | 1500.70 | NOTE | |||
r-devel-linux-x86_64-fedora-gcc | 1.0.1 | 1188.09 | OK | |||
r-devel-windows-x86_64 | 1.0.1 | 729.00 | 177.00 | 906.00 | OK | |
r-patched-linux-x86_64 | 1.0.1 | 633.67 | 123.93 | 757.60 | OK | |
r-release-linux-x86_64 | 1.0.1 | OK | ||||
r-release-macos-arm64 | 1.0.1 | 292.00 | NOTE | |||
r-release-macos-x86_64 | 1.0.1 | 355.00 | NOTE | |||
r-release-windows-x86_64 | 1.0.1 | 689.00 | 179.00 | 868.00 | OK | |
r-oldrel-macos-arm64 | 1.0.1 | 265.00 | NOTE | |||
r-oldrel-macos-x86_64 | 1.0.1 | 340.00 | NOTE | |||
r-oldrel-windows-ix86+x86_64 | 1.0.1 | 1892.00 | 206.00 | 2098.00 | OK |
Version: 1.0.1
Check: installed package size
Result: NOTE
installed size is 13.6Mb
sub-directories of 1Mb or more:
libs 13.3Mb
Flavors: r-devel-linux-x86_64-fedora-clang, r-release-macos-arm64, r-release-macos-x86_64, r-oldrel-macos-arm64, r-oldrel-macos-x86_64