CRAN Package Check Results for Package neatmaps

Last updated on 2021-03-04 15:49:23 CET.

Flavor Version Tinstall Tcheck Ttotal Status Flags
r-devel-linux-x86_64-debian-clang 2.1.0 8.87 89.04 97.91 OK
r-devel-linux-x86_64-debian-gcc 2.1.0 7.52 67.65 75.17 OK
r-devel-linux-x86_64-fedora-clang 2.1.0 129.14 NOTE
r-devel-linux-x86_64-fedora-gcc 2.1.0 117.19 OK
r-devel-windows-ix86+x86_64 2.1.0 21.00 119.00 140.00 NOTE
r-patched-linux-x86_64 2.1.0 7.91 82.85 90.76 OK
r-patched-solaris-x86 2.1.0 155.80 NOTE
r-release-linux-x86_64 2.1.0 6.40 82.76 89.16 OK
r-release-macos-x86_64 2.1.0 ERROR
r-release-windows-ix86+x86_64 2.1.0 16.00 99.00 115.00 NOTE
r-oldrel-macos-x86_64 2.1.0 ERROR
r-oldrel-windows-ix86+x86_64 2.1.0 17.00 104.00 121.00 NOTE

Check Details

Version: 2.1.0
Check: installed package size
Result: NOTE
     installed size is 6.3Mb
Flavors: r-devel-linux-x86_64-fedora-clang, r-devel-windows-ix86+x86_64, r-patched-solaris-x86, r-release-windows-ix86+x86_64, r-oldrel-windows-ix86+x86_64

Version: 2.1.0
Check: package dependencies
Result: ERROR
    Package required but not available: ‘ConsensusClusterPlus’
    
    See section ‘The DESCRIPTION file’ in the ‘Writing R Extensions’
    manual.
Flavors: r-release-macos-x86_64, r-oldrel-macos-x86_64