CRAN Package Check Results for Package ndl

Last updated on 2021-06-19 23:49:26 CEST.

Flavor Version Tinstall Tcheck Ttotal Status Flags
r-devel-linux-x86_64-debian-clang 0.2.18 26.21 68.80 95.01 OK
r-devel-linux-x86_64-debian-gcc 0.2.18 19.37 51.47 70.84 OK
r-devel-linux-x86_64-fedora-clang 0.2.18 130.43 NOTE
r-devel-linux-x86_64-fedora-gcc 0.2.18 113.80 NOTE
r-devel-windows-x86_64 0.2.18 37.00 104.00 141.00 OK
r-devel-windows-x86_64-gcc10-UCRT 0.2.18 NOTE
r-patched-linux-x86_64 0.2.18 23.53 66.21 89.74 OK
r-patched-solaris-x86 0.2.18 145.30 NOTE
r-release-linux-x86_64 0.2.18 24.84 65.52 90.36 OK
r-release-macos-arm64 0.2.18 NOTE
r-release-macos-x86_64 0.2.18 NOTE
r-release-windows-ix86+x86_64 0.2.18 64.00 143.00 207.00 OK
r-oldrel-macos-x86_64 0.2.18 NOTE
r-oldrel-windows-ix86+x86_64 0.2.18 45.00 149.00 194.00 OK

Check Details

Version: 0.2.18
Check: data for non-ASCII characters
Result: NOTE
     Note: found 7332 marked UTF-8 strings
Flavors: r-devel-linux-x86_64-fedora-clang, r-devel-linux-x86_64-fedora-gcc, r-devel-windows-x86_64-gcc10-UCRT, r-patched-solaris-x86, r-release-macos-arm64, r-release-macos-x86_64, r-oldrel-macos-x86_64