CRAN Package Check Results for Package ncappc

Last updated on 2024-06-14 00:53:50 CEST.

Flavor Version Tinstall Tcheck Ttotal Status Flags
r-devel-linux-x86_64-debian-clang 0.3.0 19.74 104.58 124.32 NOTE
r-devel-linux-x86_64-debian-gcc 0.3.0 0.73 1.89 2.62 ERROR
r-devel-linux-x86_64-fedora-clang 0.3.0 152.24 NOTE
r-devel-linux-x86_64-fedora-gcc 0.3.0 151.27 NOTE
r-devel-windows-x86_64 0.3.0 13.00 89.00 102.00 NOTE
r-patched-linux-x86_64 0.3.0 14.91 101.08 115.99 NOTE
r-release-linux-x86_64 0.3.0 9.97 99.52 109.49 NOTE
r-release-macos-arm64 0.3.0 49.00 NOTE
r-release-macos-x86_64 0.3.0 79.00 NOTE
r-release-windows-x86_64 0.3.0 14.00 98.00 112.00 NOTE
r-oldrel-macos-arm64 0.3.0 55.00 NOTE
r-oldrel-macos-x86_64 0.3.0 70.00 NOTE
r-oldrel-windows-x86_64 0.3.0 19.00 106.00 125.00 NOTE

Check Details

Version: 0.3.0
Check: LazyData
Result: NOTE 'LazyData' is specified without a 'data' directory Flavors: r-devel-linux-x86_64-debian-clang, r-devel-linux-x86_64-fedora-clang, r-devel-linux-x86_64-fedora-gcc, r-devel-windows-x86_64, r-patched-linux-x86_64, r-release-linux-x86_64, r-release-macos-arm64, r-release-macos-x86_64, r-release-windows-x86_64, r-oldrel-macos-arm64, r-oldrel-macos-x86_64, r-oldrel-windows-x86_64

Version: 0.3.0
Check: package dependencies
Result: ERROR Packages required but not available: 'reshape2', 'dplyr', 'readr', 'PopED', 'purrr', 'tibble', 'tidyr', 'ggplot2' Package suggested but not available for checking: ‘testthat’ See section ‘The DESCRIPTION file’ in the ‘Writing R Extensions’ manual. Flavor: r-devel-linux-x86_64-debian-gcc

Version: 0.3.0
Check: dependencies in R code
Result: NOTE Namespace in Imports field not imported from: ‘bookdown’ All declared Imports should be used. Flavors: r-devel-linux-x86_64-fedora-clang, r-devel-linux-x86_64-fedora-gcc