CRAN Package Check Results for Package nat.templatebrains

Last updated on 2021-06-22 15:51:54 CEST.

Flavor Version Tinstall Tcheck Ttotal Status Flags
r-devel-linux-x86_64-debian-clang 1.0 6.93 69.72 76.65 OK
r-devel-linux-x86_64-debian-gcc 1.0 6.03 53.82 59.85 OK
r-devel-linux-x86_64-fedora-clang 1.0 102.44 OK
r-devel-linux-x86_64-fedora-gcc 1.0 92.73 OK
r-devel-windows-x86_64 1.0 12.00 79.00 91.00 OK
r-devel-windows-x86_64-gcc10-UCRT 1.0 NOTE
r-patched-linux-x86_64 1.0 13.73 67.90 81.63 OK
r-patched-solaris-x86 1.0 133.90 OK
r-release-linux-x86_64 1.0 6.76 68.04 74.80 OK
r-release-macos-arm64 1.0 OK
r-release-macos-x86_64 1.0 OK
r-release-windows-ix86+x86_64 1.0 15.00 68.00 83.00 OK
r-oldrel-macos-x86_64 1.0 OK

Check Details

Version: 1.0
Check: package dependencies
Result: NOTE
    Package suggested but not available for checking: 'covr'
Flavor: r-devel-windows-x86_64-gcc10-UCRT