CRAN Package Check Results for Package naspaclust

Last updated on 2021-06-20 07:50:15 CEST.

Flavor Version Tinstall Tcheck Ttotal Status Flags
r-devel-linux-x86_64-debian-clang 0.1.0 6.60 58.73 65.33 OK
r-devel-linux-x86_64-debian-gcc 0.1.0 3.82 43.17 46.99 OK
r-devel-linux-x86_64-fedora-clang 0.1.0 86.65 NOTE
r-devel-linux-x86_64-fedora-gcc 0.1.0 73.86 NOTE
r-devel-windows-x86_64 0.1.0 9.00 77.00 86.00 OK
r-devel-windows-x86_64-gcc10-UCRT 0.1.0 NOTE
r-patched-linux-x86_64 0.1.0 9.93 55.97 65.90 OK
r-patched-solaris-x86 0.1.0 109.70 NOTE
r-release-linux-x86_64 0.1.0 5.51 56.07 61.58 OK
r-release-macos-arm64 0.1.0 NOTE
r-release-macos-x86_64 0.1.0 NOTE
r-release-windows-ix86+x86_64 0.1.0 13.00 76.00 89.00 OK
r-oldrel-macos-x86_64 0.1.0 NOTE
r-oldrel-windows-ix86+x86_64 0.1.0 8.00 81.00 89.00 OK

Check Details

Version: 0.1.0
Check: dependencies in R code
Result: NOTE
    Namespace in Imports field not imported from: ‘Rdpack’
     All declared Imports should be used.
Flavors: r-devel-linux-x86_64-fedora-clang, r-devel-linux-x86_64-fedora-gcc, r-devel-windows-x86_64-gcc10-UCRT, r-patched-solaris-x86, r-release-macos-arm64, r-release-macos-x86_64, r-oldrel-macos-x86_64