Last updated on 2021-04-11 11:49:32 CEST.
Flavor | Version | Tinstall | Tcheck | Ttotal | Status | Flags |
---|---|---|---|---|---|---|
r-devel-linux-x86_64-debian-clang | 2.17.1 | 27.16 | 82.36 | 109.52 | NOTE | |
r-devel-linux-x86_64-debian-gcc | 2.17.1 | 15.96 | 63.57 | 79.53 | NOTE | |
r-devel-linux-x86_64-fedora-clang | 2.17.1 | 150.88 | NOTE | |||
r-devel-linux-x86_64-fedora-gcc | 2.17.1 | 135.96 | NOTE | |||
r-devel-windows-ix86+x86_64 | 2.17.0 | 62.00 | 118.00 | 180.00 | NOTE | |
r-devel-windows-x86_64-gcc10-UCRT | 2.17.1 | NOTE | ||||
r-patched-linux-x86_64 | 2.17.1 | 20.77 | 76.80 | 97.57 | NOTE | |
r-patched-solaris-x86 | 2.17.1 | 181.90 | NOTE | |||
r-release-linux-x86_64 | 2.17.1 | 20.35 | 76.45 | 96.80 | NOTE | |
r-release-macos-x86_64 | 2.17.1 | NOTE | ||||
r-release-windows-ix86+x86_64 | 2.17.0 | 51.00 | 145.00 | 196.00 | NOTE | |
r-oldrel-macos-x86_64 | 2.17.1 | NOTE | ||||
r-oldrel-windows-ix86+x86_64 | 2.17.1 | 55.00 | 143.00 | 198.00 | NOTE |
Version: 2.17.1
Check: package dependencies
Result: NOTE
Package which this enhances but not available for checking: 'asreml'
Flavors: r-devel-linux-x86_64-debian-clang, r-devel-linux-x86_64-debian-gcc, r-devel-linux-x86_64-fedora-clang, r-devel-linux-x86_64-fedora-gcc, r-devel-windows-x86_64-gcc10-UCRT, r-patched-linux-x86_64, r-patched-solaris-x86, r-release-linux-x86_64, r-release-macos-x86_64, r-oldrel-macos-x86_64, r-oldrel-windows-ix86+x86_64
Version: 2.17.0
Check: package dependencies
Result: NOTE
Package which this enhances but not available for checking: 'asreml'
Flavors: r-devel-windows-ix86+x86_64, r-release-windows-ix86+x86_64