CRAN Package Check Results for Package na.tools

Last updated on 2021-06-20 07:50:15 CEST.

Flavor Version Tinstall Tcheck Ttotal Status Flags
r-devel-linux-x86_64-debian-clang 0.3.1 1.91 26.83 28.74 NOTE
r-devel-linux-x86_64-debian-gcc 0.3.1 1.70 21.48 23.18 NOTE
r-devel-linux-x86_64-fedora-clang 0.3.1 45.37 NOTE
r-devel-linux-x86_64-fedora-gcc 0.3.1 34.68 NOTE
r-devel-windows-x86_64 0.3.1 5.00 31.00 36.00 NOTE
r-devel-windows-x86_64-gcc10-UCRT 0.3.1 NOTE
r-patched-linux-x86_64 0.3.1 2.41 26.10 28.51 NOTE
r-patched-solaris-x86 0.3.1 52.90 NOTE
r-release-linux-x86_64 0.3.1 2.09 26.24 28.33 NOTE
r-release-macos-arm64 0.3.1 NOTE
r-release-macos-x86_64 0.3.1 NOTE
r-release-windows-ix86+x86_64 0.3.1 5.00 42.00 47.00 NOTE
r-oldrel-macos-x86_64 0.3.1 OK
r-oldrel-windows-ix86+x86_64 0.3.1 4.00 45.00 49.00 OK

Check Details

Version: 0.3.1
Check: LazyData
Result: NOTE
     'LazyData' is specified without a 'data' directory
Flavors: r-devel-linux-x86_64-debian-clang, r-devel-linux-x86_64-debian-gcc, r-devel-linux-x86_64-fedora-clang, r-devel-linux-x86_64-fedora-gcc, r-devel-windows-x86_64, r-devel-windows-x86_64-gcc10-UCRT, r-patched-linux-x86_64, r-patched-solaris-x86, r-release-linux-x86_64, r-release-macos-arm64, r-release-macos-x86_64, r-release-windows-ix86+x86_64