Last updated on 2021-03-06 07:53:24 CET.
Flavor | Version | Tinstall | Tcheck | Ttotal | Status | Flags |
---|---|---|---|---|---|---|
r-devel-linux-x86_64-debian-clang | 0.2.5.1 | 129.64 | 114.09 | 243.73 | OK | |
r-devel-linux-x86_64-debian-gcc | 0.2.5.1 | 79.04 | 90.34 | 169.38 | OK | |
r-devel-linux-x86_64-fedora-clang | 0.2.5.1 | 324.38 | NOTE | |||
r-devel-linux-x86_64-fedora-gcc | 0.2.5.1 | 282.89 | OK | |||
r-devel-windows-ix86+x86_64 | 0.2.5.1 | 297.00 | 163.00 | 460.00 | OK | |
r-patched-linux-x86_64 | 0.2.5.1 | OK | ||||
r-patched-solaris-x86 | 0.2.5.1 | 190.90 | OK | --no-vignettes | ||
r-release-linux-x86_64 | 0.2.5.1 | 100.37 | 103.07 | 203.44 | OK | |
r-release-macos-x86_64 | 0.2.5.1 | OK | ||||
r-release-windows-ix86+x86_64 | 0.2.5.1 | 208.00 | 109.00 | 317.00 | OK | |
r-oldrel-macos-x86_64 | 0.2.5.1 | OK | ||||
r-oldrel-windows-ix86+x86_64 | 0.2.5.1 | 192.00 | 105.00 | 297.00 | OK |
Version: 0.2.5.1
Check: installed package size
Result: NOTE
installed size is 5.3Mb
sub-directories of 1Mb or more:
libs 4.3Mb
Flavor: r-devel-linux-x86_64-fedora-clang