Last updated on 2021-03-07 19:49:01 CET.
Flavor | Version | Tinstall | Tcheck | Ttotal | Status | Flags |
---|---|---|---|---|---|---|
r-devel-linux-x86_64-debian-clang | 2.6.1 | 28.74 | 203.49 | 232.23 | OK | |
r-devel-linux-x86_64-debian-gcc | 2.6.1 | 26.62 | 148.17 | 174.79 | OK | |
r-devel-linux-x86_64-fedora-clang | 2.6.1 | 283.24 | NOTE | |||
r-devel-linux-x86_64-fedora-gcc | 2.6.1 | 271.92 | OK | |||
r-devel-windows-ix86+x86_64 | 2.6.1 | 58.00 | 234.00 | 292.00 | OK | |
r-devel-windows-x86_64-gcc10-UCRT | 2.6.1 | OK | ||||
r-patched-linux-x86_64 | 2.6.1 | 28.39 | 185.60 | 213.99 | OK | |
r-patched-solaris-x86 | 2.6.1 | 308.70 | OK | |||
r-release-linux-x86_64 | 2.6.1 | 29.09 | 184.96 | 214.05 | OK | |
r-release-macos-x86_64 | 2.6.1 | OK | ||||
r-release-windows-ix86+x86_64 | 2.6.1 | 40.00 | 196.00 | 236.00 | OK | |
r-oldrel-macos-x86_64 | 2.6.1 | OK | ||||
r-oldrel-windows-ix86+x86_64 | 2.6.1 | 35.00 | 162.00 | 197.00 | OK |
Version: 2.6.1
Check: Rd cross-references
Result: NOTE
Undeclared package ‘mvMORPH’ in Rd xrefs
Flavor: r-devel-linux-x86_64-fedora-clang