CRAN Package Check Results for Package mvProbit

Last updated on 2021-06-20 03:48:31 CEST.

Flavor Version Tinstall Tcheck Ttotal Status Flags
r-devel-linux-x86_64-debian-clang 0.1-10 4.70 205.16 209.86 OK
r-devel-linux-x86_64-debian-gcc 0.1-10 3.51 150.36 153.87 OK
r-devel-linux-x86_64-fedora-clang 0.1-10 254.65 NOTE
r-devel-linux-x86_64-fedora-gcc 0.1-10 244.75 OK
r-devel-windows-x86_64 0.1-10 7.00 220.00 227.00 OK
r-devel-windows-x86_64-gcc10-UCRT 0.1-10 OK
r-patched-linux-x86_64 0.1-10 5.17 197.47 202.64 OK
r-patched-solaris-x86 0.1-10 307.70 OK
r-release-linux-x86_64 0.1-10 4.67 197.31 201.98 OK
r-release-macos-arm64 0.1-10 OK
r-release-macos-x86_64 0.1-10 OK
r-release-windows-ix86+x86_64 0.1-10 9.00 268.00 277.00 OK
r-oldrel-macos-x86_64 0.1-10 OK
r-oldrel-windows-ix86+x86_64 0.1-10 8.00 263.00 271.00 OK

Check Details

Version: 0.1-10
Check: Rd cross-references
Result: NOTE
    Undeclared package ‘sampleSelection’ in Rd xrefs
Flavor: r-devel-linux-x86_64-fedora-clang