CRAN Package Check Results for Package multipol

Last updated on 2024-04-23 05:06:15 CEST.

Flavor Version Tinstall Tcheck Ttotal Status Flags
r-devel-linux-x86_64-debian-clang 1.0-9 2.47 43.01 45.48 OK
r-devel-linux-x86_64-debian-gcc 1.0-9 2.45 31.76 34.21 OK
r-devel-linux-x86_64-fedora-clang 1.0-9 57.38 OK
r-devel-linux-x86_64-fedora-gcc 1.0-9 69.29 OK
r-prerel-macos-arm64 1.0-9 31.00 WARN
r-prerel-windows-x86_64 1.0-9 3.00 72.00 75.00 OK
r-patched-linux-x86_64 1.0-9 3.69 40.37 44.06 OK
r-release-linux-x86_64 1.0-9 2.99 39.46 42.45 OK
r-release-macos-arm64 1.0-9 33.00 NOTE
r-release-macos-x86_64 1.0-9 61.00 OK
r-release-windows-x86_64 1.0-9 4.00 69.00 73.00 OK
r-oldrel-macos-arm64 1.0-9 31.00 NOTE
r-oldrel-windows-x86_64 1.0-9 5.00 75.00 80.00 OK

Check Details

Version: 1.0-9
Check: re-building of vignette outputs
Result: WARN Error(s) in re-building vignettes: --- re-building ‘multipol.Rnw’ using Sweave Loading required package: multipol Loading required package: abind Attaching package: ‘multipol’ The following object is masked from ‘package:stats’: deriv The following object is masked from ‘package:base’: single Loading required package: polynom Error: processing vignette 'multipol.Rnw' failed with diagnostics: Running 'texi2dvi' on 'multipol.tex' failed. LaTeX errors: !pdfTeX error: pdflatex (file bbm10): Font bbm10 at 657 not found ==> Fatal error occurred, no output PDF file produced! --- failed re-building ‘multipol.Rnw’ SUMMARY: processing the following file failed: ‘multipol.Rnw’ Error: Vignette re-building failed. Execution halted Flavor: r-prerel-macos-arm64

Version: 1.0-9
Check: re-building of vignette outputs
Result: NOTE Error(s) in re-building vignettes: --- re-building ‘multipol.Rnw’ using Sweave Loading required package: multipol Loading required package: abind Attaching package: ‘multipol’ The following object is masked from ‘package:stats’: deriv The following object is masked from ‘package:base’: single Loading required package: polynom Error: processing vignette 'multipol.Rnw' failed with diagnostics: Running 'texi2dvi' on 'multipol.tex' failed. LaTeX errors: !pdfTeX error: pdflatex (file bbm10): Font bbm10 at 657 not found ==> Fatal error occurred, no output PDF file produced! --- failed re-building ‘multipol.Rnw’ SUMMARY: processing the following file failed: ‘multipol.Rnw’ Error: Vignette re-building failed. Execution halted Flavors: r-release-macos-arm64, r-oldrel-macos-arm64