CRAN Package Check Results for Package multipleDL

Last updated on 2024-07-25 11:47:10 CEST.

Flavor Version Tinstall Tcheck Ttotal Status Flags
r-devel-linux-x86_64-debian-clang 1.0.0 168.65 135.47 304.12 NOTE
r-devel-linux-x86_64-debian-gcc 1.0.0 142.05 114.58 256.63 NOTE
r-devel-linux-x86_64-fedora-clang 1.0.0 412.18 NOTE
r-devel-linux-x86_64-fedora-gcc 1.0.0 484.84 NOTE
r-devel-windows-x86_64 1.0.0 148.00 137.00 285.00 NOTE
r-patched-linux-x86_64 1.0.0 NOTE
r-release-linux-x86_64 1.0.0 133.70 146.42 280.12 NOTE
r-release-macos-arm64 1.0.0 101.00 NOTE
r-release-macos-x86_64 1.0.0 151.00 NOTE
r-release-windows-x86_64 1.0.0 153.00 132.00 285.00 NOTE
r-oldrel-macos-arm64 1.0.0 106.00 NOTE
r-oldrel-macos-x86_64 1.0.0 225.00 NOTE
r-oldrel-windows-x86_64 1.0.0 189.00 166.00 355.00 NOTE

Check Details

Version: 1.0.0
Check: for GNU extensions in Makefiles
Result: NOTE GNU make is a SystemRequirements. Flavors: r-devel-linux-x86_64-debian-clang, r-devel-linux-x86_64-debian-gcc, r-devel-linux-x86_64-fedora-clang, r-devel-linux-x86_64-fedora-gcc, r-devel-windows-x86_64, r-patched-linux-x86_64, r-release-linux-x86_64, r-release-macos-arm64, r-release-macos-x86_64, r-release-windows-x86_64, r-oldrel-macos-arm64, r-oldrel-macos-x86_64, r-oldrel-windows-x86_64

Version: 1.0.0
Check: installed package size
Result: NOTE installed size is 42.6Mb sub-directories of 1Mb or more: libs 42.4Mb Flavors: r-release-macos-arm64, r-release-macos-x86_64, r-oldrel-macos-arm64, r-oldrel-macos-x86_64