CRAN Package Check Results for Package multilevelTools

Last updated on 2021-05-09 11:48:41 CEST.

Flavor Version Tinstall Tcheck Ttotal Status Flags
r-devel-linux-x86_64-debian-clang 0.1.1 19.70 230.78 250.48 NOTE
r-devel-linux-x86_64-debian-gcc 0.1.1 15.53 170.12 185.65 NOTE
r-devel-linux-x86_64-fedora-clang 0.1.1 296.40 NOTE
r-devel-linux-x86_64-fedora-gcc 0.1.1 303.67 NOTE
r-devel-windows-ix86+x86_64 0.1.1 48.00 264.00 312.00 NOTE
r-devel-windows-x86_64-gcc10-UCRT 0.1.1 NOTE
r-patched-linux-x86_64 0.1.1 22.04 216.37 238.41 NOTE
r-patched-solaris-x86 0.1.1 427.70 OK
r-release-linux-x86_64 0.1.1 18.43 213.58 232.01 OK
r-release-macos-x86_64 0.1.1 OK
r-release-windows-ix86+x86_64 0.1.1 30.00 206.00 236.00 OK
r-oldrel-macos-x86_64 0.1.1 OK
r-oldrel-windows-ix86+x86_64 0.1.1 38.00 259.00 297.00 OK

Check Details

Version: 0.1.1
Check: LazyData
Result: NOTE
     'LazyData' is specified without a 'data' directory
Flavors: r-devel-linux-x86_64-debian-clang, r-devel-linux-x86_64-debian-gcc, r-devel-linux-x86_64-fedora-clang, r-devel-linux-x86_64-fedora-gcc, r-devel-windows-ix86+x86_64, r-devel-windows-x86_64-gcc10-UCRT, r-patched-linux-x86_64