Last updated on 2021-02-26 15:50:58 CET.
Flavor | Version | Tinstall | Tcheck | Ttotal | Status | Flags |
---|---|---|---|---|---|---|
r-devel-linux-x86_64-debian-clang | 0.1.4 | 2.51 | 55.25 | 57.76 | OK | |
r-devel-linux-x86_64-debian-gcc | 0.1.4 | 2.26 | 44.80 | 47.06 | OK | |
r-devel-linux-x86_64-fedora-clang | 0.1.4 | 81.83 | NOTE | |||
r-devel-linux-x86_64-fedora-gcc | 0.1.4 | 71.99 | NOTE | |||
r-devel-windows-ix86+x86_64 | 0.1.4 | 6.00 | 43.00 | 49.00 | OK | |
r-patched-linux-x86_64 | 0.1.4 | 2.56 | 58.78 | 61.34 | OK | |
r-patched-solaris-x86 | 0.1.4 | 94.30 | NOTE | |||
r-release-linux-x86_64 | 0.1.4 | 2.44 | 58.85 | 61.29 | OK | |
r-release-macos-x86_64 | 0.1.4 | NOTE | ||||
r-release-windows-ix86+x86_64 | 0.1.4 | 6.00 | 64.00 | 70.00 | OK | |
r-oldrel-macos-x86_64 | 0.1.4 | NOTE | ||||
r-oldrel-windows-ix86+x86_64 | 0.1.4 | 4.00 | 45.00 | 49.00 | OK |
Version: 0.1.4
Check: dependencies in R code
Result: NOTE
Namespace in Imports field not imported from: ‘cowsay’
All declared Imports should be used.
Flavors: r-devel-linux-x86_64-fedora-clang, r-devel-linux-x86_64-fedora-gcc, r-patched-solaris-x86, r-release-macos-x86_64, r-oldrel-macos-x86_64