CRAN Package Check Results for Package multiFANOVA

Last updated on 2024-04-23 05:06:15 CEST.

Flavor Version Tinstall Tcheck Ttotal Status Flags
r-devel-linux-x86_64-debian-clang 0.1.0 10.87 92.44 103.31 OK
r-devel-linux-x86_64-debian-gcc 0.1.0 8.94 68.63 77.57 OK
r-devel-linux-x86_64-fedora-clang 0.1.0 127.68 OK
r-devel-linux-x86_64-fedora-gcc 0.1.0 120.06 OK
r-prerel-macos-arm64 0.1.0 49.00 OK
r-prerel-windows-x86_64 0.1.0 10.00 82.00 92.00 OK
r-patched-linux-x86_64 0.1.0 6.56 87.17 93.73 OK
r-release-linux-x86_64 0.1.0 11.03 91.70 102.73 OK
r-release-macos-arm64 0.1.0 39.00 OK
r-release-macos-x86_64 0.1.0 84.00 OK
r-release-windows-x86_64 0.1.0 12.00 95.00 107.00 OK
r-oldrel-macos-arm64 0.1.0 9.00 ERROR
r-oldrel-windows-x86_64 0.1.0 13.00 101.00 114.00 OK

Check Details

Version: 0.1.0
Check: package dependencies
Result: ERROR Package required but not available: ‘GFDmcv’ See section ‘The DESCRIPTION file’ in the ‘Writing R Extensions’ manual. Flavor: r-oldrel-macos-arm64