CRAN Package Check Results for Package muhaz

Last updated on 2021-04-14 19:47:13 CEST.

Flavor Version Tinstall Tcheck Ttotal Status Flags
r-devel-linux-x86_64-debian-clang 1.2.6.3 8.68 61.17 69.85 OK
r-devel-linux-x86_64-debian-gcc 1.2.6.3 6.02 48.05 54.07 OK
r-devel-linux-x86_64-fedora-clang 1.2.6.3 94.54 OK
r-devel-linux-x86_64-fedora-gcc 1.2.6.3 85.72 OK
r-devel-windows-ix86+x86_64 1.2.6.3 21.00 5.00 26.00 ERROR
r-devel-windows-x86_64-gcc10-UCRT 1.2.6.3 OK
r-patched-linux-x86_64 1.2.6.3 7.71 57.64 65.35 OK
r-patched-solaris-x86 1.2.6.3 137.30 OK
r-release-linux-x86_64 1.2.6.3 8.54 57.25 65.79 OK
r-release-macos-x86_64 1.2.6.3 OK
r-release-windows-ix86+x86_64 1.2.6.3 18.00 5.00 23.00 ERROR
r-oldrel-macos-x86_64 1.2.6.3 OK
r-oldrel-windows-ix86+x86_64 1.2.6.3 18.00 98.00 116.00 OK

Additional issues

LTO

Check Details

Version: 1.2.6.3
Check: whether package can be installed
Result: ERROR
    Installation failed.
    See 'd:/Rcompile/CRANpkg/local/4.1/muhaz.Rcheck/00install.out'*
Flavor: r-devel-windows-ix86+x86_64

Version: 1.2.6.3
Check: whether package can be installed
Result: ERROR
    Installation failed.
Flavor: r-release-windows-ix86+x86_64