CRAN Package Check Results for Package mudata2

Last updated on 2021-03-01 19:48:06 CET.

Flavor Version Tinstall Tcheck Ttotal Status Flags
r-devel-linux-x86_64-debian-clang 1.1.2 OK
r-devel-linux-x86_64-debian-gcc 1.1.2 6.38 97.77 104.15 OK
r-devel-linux-x86_64-fedora-clang 1.1.2 172.72 NOTE
r-devel-linux-x86_64-fedora-gcc 1.1.2 162.92 NOTE
r-devel-windows-ix86+x86_64 1.1.2 12.00 118.00 130.00 OK
r-patched-linux-x86_64 1.1.2 8.22 126.60 134.82 OK
r-patched-solaris-x86 1.1.2 214.70 NOTE
r-release-linux-x86_64 1.1.2 8.80 129.38 138.18 OK
r-release-macos-x86_64 1.1.2 NOTE
r-release-windows-ix86+x86_64 1.1.2 18.00 180.00 198.00 OK
r-oldrel-macos-x86_64 1.1.2 NOTE
r-oldrel-windows-ix86+x86_64 1.1.2 8.00 161.00 169.00 OK

Check Details

Version: 1.1.2
Check: dependencies in R code
Result: NOTE
    Namespace in Imports field not imported from: ‘ggplot2’
     All declared Imports should be used.
Flavors: r-devel-linux-x86_64-fedora-clang, r-devel-linux-x86_64-fedora-gcc, r-patched-solaris-x86, r-release-macos-x86_64, r-oldrel-macos-x86_64