Last updated on 2021-02-26 11:50:58 CET.
Flavor | Version | Tinstall | Tcheck | Ttotal | Status | Flags |
---|---|---|---|---|---|---|
r-devel-linux-x86_64-debian-clang | 1.0.2 | 8.72 | 184.50 | 193.22 | OK | |
r-devel-linux-x86_64-debian-gcc | 1.0.2 | 6.91 | 129.64 | 136.55 | OK | |
r-devel-linux-x86_64-fedora-clang | 1.0.2 | 219.64 | NOTE | |||
r-devel-linux-x86_64-fedora-gcc | 1.0.2 | 218.88 | NOTE | |||
r-devel-windows-ix86+x86_64 | 1.0.2 | 11.00 | 146.00 | 157.00 | OK | |
r-patched-linux-x86_64 | 1.0.2 | 4.86 | 173.42 | 178.28 | OK | |
r-patched-solaris-x86 | 1.0.2 | 292.20 | NOTE | |||
r-release-linux-x86_64 | 1.0.2 | 4.99 | 173.44 | 178.43 | OK | |
r-release-macos-x86_64 | 1.0.2 | NOTE | ||||
r-release-windows-ix86+x86_64 | 1.0.2 | 18.00 | 211.00 | 229.00 | OK | |
r-oldrel-macos-x86_64 | 1.0.2 | NOTE | ||||
r-oldrel-windows-ix86+x86_64 | 1.0.2 | 10.00 | 213.00 | 223.00 | OK |
Version: 1.0.2
Check: dependencies in R code
Result: NOTE
Namespace in Imports field not imported from: ‘gtools’
All declared Imports should be used.
Flavors: r-devel-linux-x86_64-fedora-clang, r-devel-linux-x86_64-fedora-gcc, r-patched-solaris-x86, r-release-macos-x86_64, r-oldrel-macos-x86_64