CRAN Package Check Results for Package mstate

Last updated on 2021-04-17 23:48:32 CEST.

Flavor Version Tinstall Tcheck Ttotal Status Flags
r-devel-linux-x86_64-debian-clang 0.3.1 15.35 163.20 178.55 OK
r-devel-linux-x86_64-debian-gcc 0.3.1 11.59 119.65 131.24 OK
r-devel-linux-x86_64-fedora-clang 0.3.1 229.13 OK
r-devel-linux-x86_64-fedora-gcc 0.3.1 206.05 OK
r-devel-windows-ix86+x86_64 0.3.1 34.00 4.00 38.00 ERROR
r-devel-windows-x86_64-gcc10-UCRT 0.3.1 OK
r-patched-linux-x86_64 0.3.1 12.52 149.33 161.85 OK
r-patched-solaris-x86 0.3.1 267.60 OK
r-release-linux-x86_64 0.3.1 14.10 148.33 162.43 OK
r-release-macos-x86_64 0.3.1 OK
r-release-windows-ix86+x86_64 0.3.1 35.00 232.00 267.00 OK
r-oldrel-macos-x86_64 0.3.1 OK
r-oldrel-windows-ix86+x86_64 0.3.1 18.00 228.00 246.00 OK

Check Details

Version: 0.3.1
Check: whether package can be installed
Result: ERROR
    Installation failed.
Flavor: r-devel-windows-ix86+x86_64