CRAN Package Check Results for Package msgps

Last updated on 2022-01-27 04:05:29 CET.

Flavor Version Tinstall Tcheck Ttotal Status Flags
r-devel-linux-x86_64-debian-clang 1.3.1 4.12 36.08 40.20 OK
r-devel-linux-x86_64-debian-gcc 1.3.1 3.96 28.02 31.98 OK
r-devel-linux-x86_64-fedora-clang 1.3.1 51.13 NOTE
r-devel-linux-x86_64-fedora-gcc 1.3.1 39.72 NOTE
r-devel-windows-x86_64-new-UL 1.3.1 21.00 51.00 72.00 OK
r-devel-windows-x86_64-new-TK 1.3.1 OK
r-patched-linux-x86_64 1.3.1 3.89 34.53 38.42 OK
r-release-linux-x86_64 1.3.1 4.57 34.17 38.74 OK
r-release-macos-arm64 1.3.1 OK
r-release-macos-x86_64 1.3.1 OK
r-release-windows-ix86+x86_64 1.3.1 12.00 38.00 50.00 OK
r-oldrel-macos-x86_64 1.3.1 OK
r-oldrel-windows-ix86+x86_64 1.3.1 9.00 34.00 43.00 OK

Check Details

Version: 1.3.1
Check: compiled code
Result: NOTE
    File ‘msgps/libs/msgps.so’:
     Found no calls to: ‘R_registerRoutines’, ‘R_useDynamicSymbols’
    
    It is good practice to register native routines and to disable symbol
    search.
    
    See ‘Writing portable packages’ in the ‘Writing R Extensions’ manual.
Flavors: r-devel-linux-x86_64-fedora-clang, r-devel-linux-x86_64-fedora-gcc