Last updated on 2021-03-01 07:48:35 CET.
Flavor | Version | Tinstall | Tcheck | Ttotal | Status | Flags |
---|---|---|---|---|---|---|
r-devel-linux-x86_64-debian-clang | 0.5 | OK | ||||
r-devel-linux-x86_64-debian-gcc | 0.5 | 51.63 | 98.60 | 150.23 | OK | |
r-devel-linux-x86_64-fedora-clang | 0.5 | 279.89 | OK | |||
r-devel-linux-x86_64-fedora-gcc | 0.5 | 245.11 | OK | |||
r-devel-windows-ix86+x86_64 | 0.5 | 138.00 | 170.00 | 308.00 | OK | |
r-patched-linux-x86_64 | 0.5 | 61.26 | 117.46 | 178.72 | OK | |
r-patched-solaris-x86 | 0.5 | 288.30 | OK | |||
r-release-linux-x86_64 | 0.5 | 66.10 | 115.46 | 181.56 | OK | |
r-release-macos-x86_64 | 0.5 | OK | ||||
r-release-windows-ix86+x86_64 | 0.5 | 187.00 | 228.00 | 415.00 | OK | |
r-oldrel-macos-x86_64 | 0.5 | NOTE | ||||
r-oldrel-windows-ix86+x86_64 | 0.5 | 127.00 | 186.00 | 313.00 | NOTE |
Version: 0.5
Check: R code for possible problems
Result: NOTE
plot.hmrfout: no visible global function definition for ‘plot’
Undefined global functions or variables:
plot
Consider adding
importFrom("graphics", "plot")
to your NAMESPACE file.
Flavors: r-oldrel-macos-x86_64, r-oldrel-windows-ix86+x86_64