CRAN Package Check Results for Package mrMLM.GUI

Last updated on 2024-07-14 04:52:18 CEST.

Flavor Version Tinstall Tcheck Ttotal Status Flags
r-devel-linux-x86_64-debian-clang 4.0.2 56.44 160.74 217.18 OK
r-devel-linux-x86_64-debian-gcc 4.0.2 37.01 119.34 156.35 OK
r-devel-linux-x86_64-fedora-clang 4.0.2 278.02 OK
r-devel-linux-x86_64-fedora-gcc 4.0.2 258.17 OK
r-devel-windows-x86_64 4.0.2 44.00 159.00 203.00 OK
r-patched-linux-x86_64 4.0.2 48.08 157.17 205.25 OK
r-release-linux-x86_64 4.0.2 49.10 156.84 205.94 OK
r-release-macos-arm64 4.0.2 76.00 NOTE
r-release-macos-x86_64 4.0.2 122.00 NOTE
r-release-windows-x86_64 4.0.2 44.00 157.00 201.00 OK
r-oldrel-macos-arm64 4.0.2 87.00 OK
r-oldrel-macos-x86_64 4.0.2 137.00 OK
r-oldrel-windows-x86_64 4.0.2 56.00 211.00 267.00 OK

Check Details

Version: 4.0.2
Check: installed package size
Result: NOTE installed size is 5.2Mb sub-directories of 1Mb or more: extdata 1.7Mb libs 2.3Mb Flavors: r-release-macos-arm64, r-release-macos-x86_64