CRAN Package Check Results for Package move

Last updated on 2021-04-14 19:47:13 CEST.

Flavor Version Tinstall Tcheck Ttotal Status Flags
r-devel-linux-x86_64-debian-clang 4.0.6 38.06 340.09 378.15 OK
r-devel-linux-x86_64-debian-gcc 4.0.6 27.55 243.66 271.21 OK
r-devel-linux-x86_64-fedora-clang 4.0.6 465.49 OK
r-devel-linux-x86_64-fedora-gcc 4.0.6 379.46 OK
r-devel-windows-ix86+x86_64 4.0.6 75.00 4.00 79.00 ERROR
r-devel-windows-x86_64-gcc10-UCRT 4.0.6 OK
r-patched-linux-x86_64 4.0.6 37.00 322.66 359.66 OK
r-patched-solaris-x86 4.0.6 549.60 OK
r-release-linux-x86_64 4.0.6 35.83 320.04 355.87 OK
r-release-macos-x86_64 4.0.6 OK
r-release-windows-ix86+x86_64 4.0.6 78.00 666.00 744.00 NOTE
r-oldrel-macos-x86_64 4.0.6 OK
r-oldrel-windows-ix86+x86_64 4.0.6 63.00 468.00 531.00 NOTE

Check Details

Version: 4.0.6
Check: whether package can be installed
Result: ERROR
    Installation failed.
Flavor: r-devel-windows-ix86+x86_64

Version: 4.0.6
Check: installed package size
Result: NOTE
     installed size is 5.5Mb
     sub-directories of 1Mb or more:
     R 1.2Mb
     libs 1.9Mb
Flavors: r-release-windows-ix86+x86_64, r-oldrel-windows-ix86+x86_64