CRAN Package Check Results for Package movMF

Last updated on 2024-06-14 20:49:48 CEST.

Flavor Version Tinstall Tcheck Ttotal Status Flags
r-devel-linux-x86_64-debian-clang 0.2-8 5.79 137.84 143.63 OK
r-devel-linux-x86_64-debian-gcc 0.2-8 4.09 97.08 101.17 OK
r-devel-linux-x86_64-fedora-clang 0.2-8 167.68 NOTE
r-devel-linux-x86_64-fedora-gcc 0.2-8 179.01 NOTE
r-devel-windows-x86_64 0.2-8 8.00 140.00 148.00 OK
r-patched-linux-x86_64 0.2-8 5.56 130.35 135.91 OK
r-release-linux-x86_64 0.2-8 4.32 128.65 132.97 OK
r-release-macos-arm64 0.2-8 61.00 OK
r-release-macos-x86_64 0.2-8 127.00 OK
r-release-windows-x86_64 0.2-8 10.00 139.00 149.00 OK
r-oldrel-macos-arm64 0.2-8 85.00 OK
r-oldrel-macos-x86_64 0.2-8 182.00 OK
r-oldrel-windows-x86_64 0.2-8 11.00 156.00 167.00 OK

Check Details

Version: 0.2-8
Check: data for non-ASCII characters
Result: NOTE Note: found 121 marked UTF-8 strings Flavors: r-devel-linux-x86_64-fedora-clang, r-devel-linux-x86_64-fedora-gcc