Last updated on 2021-03-05 23:48:48 CET.
Flavor | Version | Tinstall | Tcheck | Ttotal | Status | Flags |
---|---|---|---|---|---|---|
r-devel-linux-x86_64-debian-clang | 2.1.3 | 21.80 | 257.69 | 279.49 | OK | |
r-devel-linux-x86_64-debian-gcc | 2.1.3 | 16.31 | 180.62 | 196.93 | OK | |
r-devel-linux-x86_64-fedora-clang | 2.1.3 | 328.94 | OK | |||
r-devel-linux-x86_64-fedora-gcc | 2.1.3 | 306.84 | OK | |||
r-devel-windows-ix86+x86_64 | 2.1.3 | 41.00 | 371.00 | 412.00 | OK | |
r-patched-linux-x86_64 | 2.1.3 | OK | ||||
r-patched-solaris-x86 | 2.1.3 | 379.40 | OK | |||
r-release-linux-x86_64 | 2.1.3 | 20.40 | 235.47 | 255.87 | OK | |
r-release-macos-x86_64 | 2.1.3 | OK | ||||
r-release-windows-ix86+x86_64 | 2.1.3 | 32.00 | 259.00 | 291.00 | OK | |
r-oldrel-macos-x86_64 | 2.1.3 | OK | ||||
r-oldrel-windows-ix86+x86_64 | 2.1.3 | 26.00 | 271.00 | 297.00 | NOTE |
Version: 2.1.3
Check: installed package size
Result: NOTE
installed size is 5.4Mb
sub-directories of 1Mb or more:
doc 3.8Mb
libs 1.1Mb
Flavor: r-oldrel-windows-ix86+x86_64