CRAN Package Check Results for Package motif

Last updated on 2021-06-24 07:50:18 CEST.

Flavor Version Tinstall Tcheck Ttotal Status Flags
r-devel-linux-x86_64-debian-clang 0.4.3 103.57 131.07 234.64 OK
r-devel-linux-x86_64-debian-gcc 0.4.3 70.51 98.26 168.77 OK
r-devel-linux-x86_64-fedora-clang 0.4.3 320.18 NOTE
r-devel-linux-x86_64-fedora-gcc 0.4.3 288.34 OK
r-devel-windows-x86_64 0.4.3 124.00 132.00 256.00 OK
r-devel-windows-x86_64-gcc10-UCRT 0.4.3 NOTE
r-patched-linux-x86_64 0.4.3 84.04 123.02 207.06 OK
r-patched-solaris-x86 0.4.3 359.20 OK
r-release-linux-x86_64 0.4.3 83.77 123.17 206.94 OK
r-release-macos-arm64 0.4.3 NOTE
r-release-macos-x86_64 0.4.3 NOTE
r-release-windows-ix86+x86_64 0.4.3 181.00 196.00 377.00 NOTE
r-oldrel-macos-x86_64 0.4.3 NOTE

Check Details

Version: 0.4.3
Check: installed package size
Result: NOTE
     installed size is 6.2Mb
     sub-directories of 1Mb or more:
     libs 2.9Mb
     raster 2.2Mb
Flavors: r-devel-linux-x86_64-fedora-clang, r-release-macos-arm64, r-release-macos-x86_64, r-release-windows-ix86+x86_64, r-oldrel-macos-x86_64

Version: 0.4.3
Check: package dependencies
Result: NOTE
    Package suggested but not available for checking: 'covr'
Flavor: r-devel-windows-x86_64-gcc10-UCRT