CRAN Package Check Results for Package mosqcontrol

Last updated on 2021-04-14 23:47:18 CEST.

Flavor Version Tinstall Tcheck Ttotal Status Flags
r-devel-linux-x86_64-debian-clang 0.1.0 4.26 38.50 42.76 NOTE
r-devel-linux-x86_64-debian-gcc 0.1.0 3.18 29.20 32.38 NOTE
r-devel-linux-x86_64-fedora-clang 0.1.0 60.72 NOTE
r-devel-linux-x86_64-fedora-gcc 0.1.0 51.50 NOTE
r-devel-windows-ix86+x86_64 0.1.0 9.00 6.00 15.00 OK
r-devel-windows-x86_64-gcc10-UCRT 0.1.0 NOTE
r-patched-linux-x86_64 0.1.0 3.77 35.70 39.47 OK
r-patched-solaris-x86 0.1.0 73.70 NOTE
r-release-linux-x86_64 0.1.0 4.08 36.21 40.29 OK
r-release-macos-x86_64 0.1.0 NOTE
r-release-windows-ix86+x86_64 0.1.0 7.00 56.00 63.00 OK
r-oldrel-macos-x86_64 0.1.0 NOTE
r-oldrel-windows-ix86+x86_64 0.1.0 7.00 36.00 43.00 OK

Check Details

Version: 0.1.0
Check: LazyData
Result: NOTE
     'LazyData' is specified without a 'data' directory
Flavors: r-devel-linux-x86_64-debian-clang, r-devel-linux-x86_64-debian-gcc, r-devel-linux-x86_64-fedora-clang, r-devel-linux-x86_64-fedora-gcc, r-devel-windows-x86_64-gcc10-UCRT

Version: 0.1.0
Check: dependencies in R code
Result: NOTE
    Namespace in Imports field not imported from: ‘NlcOptim’
     All declared Imports should be used.
Flavors: r-devel-linux-x86_64-fedora-clang, r-devel-linux-x86_64-fedora-gcc, r-devel-windows-x86_64-gcc10-UCRT, r-patched-solaris-x86, r-release-macos-x86_64, r-oldrel-macos-x86_64

Version: 0.1.0
Check: whether package can be installed
Result: ERROR*
Flavor: r-devel-windows-ix86+x86_64