CRAN Package Check Results for Package mosaicModel

Last updated on 2021-06-15 07:49:12 CEST.

Flavor Version Tinstall Tcheck Ttotal Status Flags
r-devel-linux-x86_64-debian-clang 0.3.0 7.59 89.55 97.14 OK
r-devel-linux-x86_64-debian-gcc 0.3.0 6.44 67.19 73.63 OK
r-devel-linux-x86_64-fedora-clang 0.3.0 125.00 NOTE
r-devel-linux-x86_64-fedora-gcc 0.3.0 109.45 NOTE
r-devel-windows-x86_64 0.3.0 13.00 121.00 134.00 OK
r-devel-windows-x86_64-gcc10-UCRT 0.3.0 NOTE
r-patched-linux-x86_64 0.3.0 8.26 84.35 92.61 OK
r-patched-solaris-x86 0.3.0 159.00 NOTE
r-release-linux-x86_64 0.3.0 7.48 85.08 92.56 OK
r-release-macos-arm64 0.3.0 NOTE
r-release-macos-x86_64 0.3.0 NOTE
r-release-windows-ix86+x86_64 0.3.0 18.00 116.00 134.00 OK
r-oldrel-macos-x86_64 0.3.0 NOTE
r-oldrel-windows-ix86+x86_64 0.3.0 19.00 119.00 138.00 OK

Check Details

Version: 0.3.0
Check: dependencies in R code
Result: NOTE
    Namespaces in Imports field not imported from:
     ‘MASS’ ‘caret’ ‘ggformula’ ‘knitr’ ‘testthat’ ‘tidyverse’
     All declared Imports should be used.
Flavors: r-devel-linux-x86_64-fedora-clang, r-devel-linux-x86_64-fedora-gcc, r-devel-windows-x86_64-gcc10-UCRT, r-patched-solaris-x86, r-release-macos-arm64, r-release-macos-x86_64, r-oldrel-macos-x86_64