CRAN Package Check Results for Package molic

Last updated on 2021-02-25 19:46:39 CET.

Flavor Version Tinstall Tcheck Ttotal Status Flags
r-devel-linux-x86_64-debian-clang 2.0.1 41.94 144.49 186.43 OK
r-devel-linux-x86_64-debian-gcc 2.0.1 30.56 107.08 137.64 OK
r-devel-linux-x86_64-fedora-clang 2.0.1 236.77 NOTE
r-devel-linux-x86_64-fedora-gcc 2.0.1 234.79 OK
r-devel-windows-ix86+x86_64 2.0.1 69.00 180.00 249.00 NOTE
r-patched-linux-x86_64 2.0.1 36.27 142.86 179.13 OK
r-patched-solaris-x86 2.0.1 284.90 OK
r-release-linux-x86_64 2.0.1 35.12 143.04 178.16 OK
r-release-macos-x86_64 2.0.1 NOTE
r-release-windows-ix86+x86_64 2.0.1 99.00 240.00 339.00 NOTE
r-oldrel-macos-x86_64 2.0.1 NOTE
r-oldrel-windows-ix86+x86_64 2.0.1 66.00 233.00 299.00 OK

Check Details

Version: 2.0.1
Check: installed package size
Result: NOTE
     installed size is 5.9Mb
     sub-directories of 1Mb or more:
     extdata 1.6Mb
     libs 3.0Mb
Flavors: r-devel-linux-x86_64-fedora-clang, r-devel-windows-ix86+x86_64, r-release-macos-x86_64, r-release-windows-ix86+x86_64, r-oldrel-macos-x86_64