CRAN Package Check Results for Package modifiedmk

Last updated on 2021-06-12 23:49:13 CEST.

Flavor Version Tinstall Tcheck Ttotal Status Flags
r-devel-linux-x86_64-debian-clang 1.6 3.18 35.11 38.29 OK
r-devel-linux-x86_64-debian-gcc 1.6 2.59 27.11 29.70 OK
r-devel-linux-x86_64-fedora-clang 1.6 55.09 OK
r-devel-linux-x86_64-fedora-gcc 1.6 46.02 OK
r-devel-windows-x86_64 1.6 5.00 50.00 55.00 OK
r-devel-windows-x86_64-gcc10-UCRT 1.6 NOTE
r-patched-linux-x86_64 1.6 3.02 34.19 37.21 OK
r-patched-solaris-x86 1.6 66.30 OK
r-release-linux-x86_64 1.5.0 2.97 31.70 34.67 NOTE
r-release-macos-arm64 1.5.0 NOTE
r-release-macos-x86_64 1.6 OK
r-release-windows-ix86+x86_64 1.6 7.00 38.00 45.00 OK
r-oldrel-macos-x86_64 1.6 OK
r-oldrel-windows-ix86+x86_64 1.5.0 5.00 49.00 54.00 OK

Check Details

Version: 1.6
Check: files in ‘vignettes’
Result: NOTE
    Package has no Sweave vignette sources and no VignetteBuilder field.
Flavor: r-devel-windows-x86_64-gcc10-UCRT

Version: 1.5.0
Check: LazyData
Result: NOTE
     'LazyData' is specified without a 'data' directory
Flavors: r-release-linux-x86_64, r-release-macos-arm64