CRAN Package Check Results for Package mmsample

Last updated on 2022-05-28 23:55:09 CEST.

Flavor Version Tinstall Tcheck Ttotal Status Flags
r-devel-linux-x86_64-debian-clang 0.1 28.42 36.59 65.01 NOTE
r-devel-linux-x86_64-debian-gcc 0.1 23.58 28.38 51.96 NOTE
r-devel-linux-x86_64-fedora-clang 0.1 92.63 NOTE
r-devel-linux-x86_64-fedora-gcc 0.1 72.95 NOTE
r-devel-windows-x86_64 0.1 35.00 74.00 109.00 NOTE
r-patched-linux-x86_64 0.1 26.28 35.29 61.57 NOTE
r-release-linux-x86_64 0.1 20.48 35.98 56.46 NOTE
r-release-macos-arm64 0.1 20.00 NOTE
r-release-macos-x86_64 0.1 33.00 NOTE
r-release-windows-x86_64 0.1 36.00 75.00 111.00 NOTE
r-oldrel-macos-arm64 0.1 35.00 NOTE
r-oldrel-macos-x86_64 0.1 46.00 NOTE
r-oldrel-windows-ix86+x86_64 0.1 76.00 75.00 151.00 NOTE

Check Details

Version: 0.1
Check: LazyData
Result: NOTE
     'LazyData' is specified without a 'data' directory
Flavors: r-devel-linux-x86_64-debian-clang, r-devel-linux-x86_64-debian-gcc, r-devel-linux-x86_64-fedora-clang, r-devel-linux-x86_64-fedora-gcc, r-devel-windows-x86_64, r-patched-linux-x86_64, r-release-linux-x86_64, r-release-macos-arm64, r-release-macos-x86_64, r-release-windows-x86_64, r-oldrel-macos-arm64, r-oldrel-macos-x86_64, r-oldrel-windows-ix86+x86_64