CRAN Package Check Results for Package mmapcharr

Last updated on 2024-07-20 08:49:46 CEST.

Flavor Version Tinstall Tcheck Ttotal Status Flags
r-devel-linux-x86_64-debian-clang 0.3.0 21.65 33.06 54.71 NOTE
r-devel-linux-x86_64-debian-gcc 0.3.0 15.70 24.31 40.01 NOTE
r-devel-linux-x86_64-fedora-clang 0.3.0 102.92 NOTE
r-devel-linux-x86_64-fedora-gcc 0.3.0 102.17 NOTE
r-devel-windows-x86_64 0.3.0 33.00 63.00 96.00 NOTE
r-patched-linux-x86_64 0.3.0 32.52 29.99 62.51 NOTE
r-release-linux-x86_64 0.3.0 31.80 29.72 61.52 NOTE
r-release-macos-arm64 0.3.0 26.00 NOTE
r-release-macos-x86_64 0.3.0 35.00 NOTE
r-release-windows-x86_64 0.3.0 41.00 65.00 106.00 NOTE
r-oldrel-macos-arm64 0.3.0 29.00 NOTE
r-oldrel-macos-x86_64 0.3.0 45.00 NOTE
r-oldrel-windows-x86_64 0.3.0 49.00 77.00 126.00 NOTE

Check Details

Version: 0.3.0
Check: C++ specification
Result: NOTE Specified C++11: please drop specification unless essential Flavors: r-devel-linux-x86_64-debian-clang, r-devel-linux-x86_64-debian-gcc, r-devel-linux-x86_64-fedora-clang, r-devel-linux-x86_64-fedora-gcc, r-devel-windows-x86_64, r-patched-linux-x86_64, r-release-linux-x86_64, r-release-macos-arm64, r-release-macos-x86_64, r-release-windows-x86_64, r-oldrel-macos-arm64, r-oldrel-macos-x86_64, r-oldrel-windows-x86_64

Version: 0.3.0
Check: LazyData
Result: NOTE 'LazyData' is specified without a 'data' directory Flavors: r-devel-linux-x86_64-debian-clang, r-devel-linux-x86_64-debian-gcc, r-devel-linux-x86_64-fedora-clang, r-devel-linux-x86_64-fedora-gcc, r-devel-windows-x86_64, r-patched-linux-x86_64, r-release-linux-x86_64, r-release-macos-arm64, r-release-macos-x86_64, r-release-windows-x86_64, r-oldrel-macos-arm64, r-oldrel-macos-x86_64, r-oldrel-windows-x86_64