CRAN Package Check Results for Package mmapcharr

Last updated on 2021-06-17 15:49:13 CEST.

Flavor Version Tinstall Tcheck Ttotal Status Flags
r-devel-linux-x86_64-debian-clang 0.3.0 39.16 30.17 69.33 NOTE
r-devel-linux-x86_64-debian-gcc 0.3.0 23.31 23.59 46.90 NOTE
r-devel-linux-x86_64-fedora-clang 0.3.0 102.08 NOTE
r-devel-linux-x86_64-fedora-gcc 0.3.0 84.64 NOTE
r-devel-windows-x86_64 0.3.0 60.00 46.00 106.00 NOTE
r-devel-windows-x86_64-gcc10-UCRT 0.3.0 NOTE
r-patched-linux-x86_64 0.3.0 29.47 29.71 59.18 NOTE
r-patched-solaris-x86 0.3.0 100.50 NOTE
r-release-linux-x86_64 0.3.0 28.26 29.67 57.93 NOTE
r-release-macos-arm64 0.3.0 NOTE
r-release-macos-x86_64 0.3.0 NOTE
r-release-windows-ix86+x86_64 0.3.0 105.00 76.00 181.00 NOTE
r-oldrel-macos-x86_64 0.3.0 OK
r-oldrel-windows-ix86+x86_64 0.3.0 80.00 76.00 156.00 OK

Check Details

Version: 0.3.0
Check: LazyData
Result: NOTE
     'LazyData' is specified without a 'data' directory
Flavors: r-devel-linux-x86_64-debian-clang, r-devel-linux-x86_64-debian-gcc, r-devel-linux-x86_64-fedora-clang, r-devel-linux-x86_64-fedora-gcc, r-devel-windows-x86_64, r-devel-windows-x86_64-gcc10-UCRT, r-patched-linux-x86_64, r-patched-solaris-x86, r-release-linux-x86_64, r-release-macos-arm64, r-release-macos-x86_64, r-release-windows-ix86+x86_64