CRAN Package Check Results for Package mlrCPO

Last updated on 2021-06-19 11:51:54 CEST.

Flavor Version Tinstall Tcheck Ttotal Status Flags
r-devel-linux-x86_64-debian-clang 0.3.7-2 28.86 375.91 404.77 NOTE
r-devel-linux-x86_64-debian-gcc 0.3.7-2 22.21 277.94 300.15 NOTE
r-devel-linux-x86_64-fedora-clang 0.3.7-2 476.61 NOTE
r-devel-linux-x86_64-fedora-gcc 0.3.7-2 477.92 NOTE
r-devel-windows-x86_64 0.3.7-2 47.00 413.00 460.00 NOTE
r-devel-windows-x86_64-gcc10-UCRT 0.3.7-2 NOTE
r-patched-linux-x86_64 0.3.7-2 50.03 361.59 411.62 NOTE
r-patched-solaris-x86 0.3.7-2 546.20 NOTE
r-release-linux-x86_64 0.3.7-2 27.82 362.57 390.39 NOTE
r-release-macos-arm64 0.3.7-2 ERROR
r-release-macos-x86_64 0.3.7-2 NOTE
r-release-windows-ix86+x86_64 0.3.7-2 37.00 428.00 465.00 NOTE
r-oldrel-macos-x86_64 0.3.7-2 OK
r-oldrel-windows-ix86+x86_64 0.3.7-2 40.00 439.00 479.00 OK

Check Details

Version: 0.3.7-2
Check: LazyData
Result: NOTE
     'LazyData' is specified without a 'data' directory
Flavors: r-devel-linux-x86_64-debian-clang, r-devel-linux-x86_64-debian-gcc, r-devel-linux-x86_64-fedora-clang, r-devel-linux-x86_64-fedora-gcc, r-devel-windows-x86_64, r-devel-windows-x86_64-gcc10-UCRT, r-patched-linux-x86_64, r-patched-solaris-x86, r-release-linux-x86_64, r-release-macos-arm64, r-release-macos-x86_64, r-release-windows-ix86+x86_64

Version: 0.3.7-2
Check: package dependencies
Result: NOTE
    Package suggested but not available for checking: ‘FSelector’
Flavor: r-patched-solaris-x86

Version: 0.3.7-2
Check: tests
Result: ERROR
     Running ‘run-core.R’ [0s/0s]
     Running ‘run-cpo.R’ [6s/4s]
    Running the tests in ‘tests/run-cpo.R’ failed.
    Last 13 lines of output:
     1. └─testthat::test_check("mlrCPO", filter = "^cpo_")
     2. └─testthat::test_dir(...)
     3. └─testthat:::test_files(...)
     4. └─testthat:::test_files(...)
     5. ├─testthat::with_reporter(...)
     6. │ ├─base::withRestarts(...)
     7. │ │ └─base:::withOneRestart(expr, restarts[[1L]])
     8. │ │ └─base:::doWithOneRestart(return(expr), restart)
     9. │ └─base::force(code)
     10. └─testthat:::parallel_event_loop_chunky(queue, reporters)
     11. └─queue$poll(Inf)
     12. └─base::lapply(...)
     13. └─testthat:::FUN(X[[i]], ...)
     14. └─private$handle_error(msg, i)
     Execution halted
Flavor: r-release-macos-arm64