Last updated on 2022-05-20 11:51:07 CEST.
Flavor | Version | Tinstall | Tcheck | Ttotal | Status | Flags |
---|---|---|---|---|---|---|
r-devel-linux-x86_64-debian-clang | 0.1.2 | 25.01 | 328.21 | 353.22 | OK | |
r-devel-linux-x86_64-debian-gcc | 0.1.2 | 18.76 | 235.72 | 254.48 | OK | |
r-devel-linux-x86_64-fedora-clang | 0.1.2 | 416.06 | OK | |||
r-devel-linux-x86_64-fedora-gcc | 0.1.2 | 395.86 | OK | |||
r-devel-windows-x86_64 | 0.1.2 | 45.00 | 292.00 | 337.00 | OK | |
r-patched-linux-x86_64 | 0.1.2 | 23.70 | 302.54 | 326.24 | OK | |
r-release-linux-x86_64 | 0.1.2 | 26.64 | 305.35 | 331.99 | OK | |
r-release-macos-arm64 | 0.1.2 | 7.00 | ERROR | |||
r-release-macos-x86_64 | 0.1.2 | 125.00 | OK | |||
r-release-windows-x86_64 | 0.1.2 | 51.00 | 309.00 | 360.00 | OK | |
r-oldrel-macos-arm64 | 0.1.2 | 87.00 | NOTE | |||
r-oldrel-macos-x86_64 | 0.1.2 | 112.00 | OK | |||
r-oldrel-windows-ix86+x86_64 | 0.1.2 | 54.00 | 297.00 | 351.00 | OK |
Version: 0.1.2
Check: package dependencies
Result: ERROR
Package required and available but unsuitable version: ‘terra’
See section ‘The DESCRIPTION file’ in the ‘Writing R Extensions’
manual.
Flavor: r-release-macos-arm64
Version: 0.1.2
Check: package dependencies
Result: NOTE
Package suggested but not available for checking: ‘sf’
Flavor: r-oldrel-macos-arm64
Version: 0.1.2
Check: Rd cross-references
Result: NOTE
Package unavailable to check Rd xrefs: ‘sf’
Flavor: r-oldrel-macos-arm64