CRAN Package Check Results for Package mlr3shiny

Last updated on 2024-06-24 20:53:37 CEST.

Flavor Version Tinstall Tcheck Ttotal Status Flags
r-devel-linux-x86_64-debian-clang 0.3.0 2.62 25.41 28.03 OK
r-devel-linux-x86_64-debian-gcc 0.3.0 1.94 19.88 21.82 OK
r-devel-linux-x86_64-fedora-clang 0.3.0 35.97 NOTE
r-devel-linux-x86_64-fedora-gcc 0.3.0 33.79 NOTE
r-devel-windows-x86_64 0.3.0 4.00 46.00 50.00 OK
r-patched-linux-x86_64 0.3.0 2.40 25.30 27.70 OK
r-release-linux-x86_64 0.3.0 1.66 24.42 26.08 OK
r-release-macos-arm64 0.3.0 20.00 OK
r-release-macos-x86_64 0.3.0 26.00 OK
r-release-windows-x86_64 0.3.0 5.00 47.00 52.00 OK
r-oldrel-macos-arm64 0.3.0 19.00 OK
r-oldrel-macos-x86_64 0.3.0 27.00 OK
r-oldrel-windows-x86_64 0.3.0 5.00 53.00 58.00 OK

Check Details

Version: 0.3.0
Check: dependencies in R code
Result: NOTE Namespaces in Imports field not imported from: ‘DT’ ‘Metrics’ ‘data.table’ ‘dplyr’ ‘mlr3’ ‘mlr3learners’ ‘mlr3measures’ ‘mlr3pipelines’ ‘patchwork’ ‘plyr’ ‘purrr’ ‘shinyWidgets’ ‘shinyalert’ ‘shinydashboard’ ‘shinyjs’ ‘stats’ ‘stringr’ All declared Imports should be used. Flavors: r-devel-linux-x86_64-fedora-clang, r-devel-linux-x86_64-fedora-gcc