CRAN Package Check Results for Package mlr3fairness

Last updated on 2022-08-10 15:51:28 CEST.

Flavor Version Tinstall Tcheck Ttotal Status Flags
r-devel-linux-x86_64-debian-clang 0.3.0 12.72 407.37 420.09 NOTE
r-devel-linux-x86_64-debian-gcc 0.3.0 9.97 257.55 267.52 NOTE
r-devel-linux-x86_64-fedora-clang 0.3.0 453.76 ERROR
r-devel-linux-x86_64-fedora-gcc 0.3.0 422.28 OK
r-devel-windows-x86_64 0.3.0 98.00 448.00 546.00 OK
r-patched-linux-x86_64 0.3.0 20.14 328.40 348.54 OK
r-release-linux-x86_64 0.3.0 OK
r-release-macos-arm64 0.3.0 125.00 OK
r-release-macos-x86_64 0.3.0 159.00 OK
r-release-windows-x86_64 0.3.0 37.00 448.00 485.00 OK
r-oldrel-macos-arm64 0.3.0 128.00 OK
r-oldrel-macos-x86_64 0.3.0 165.00 OK
r-oldrel-windows-ix86+x86_64 0.3.0 29.00 514.00 543.00 OK

Check Details

Version: 0.3.0
Check: HTML version of manual
Result: NOTE
    Found the following HTML validation problems:
    MeasureFairness.html:82:6: Warning: missing </span> before <p>
    MeasureFairness.html:82:89: Warning: inserting implicit <span>
    MeasureFairness.html:85:6: Warning: missing </span> before <p>
    MeasureFairness.html:85:86: Warning: inserting implicit <span>
    MeasureFairness.html:88:6: Warning: missing </span> before <p>
    MeasureFairness.html:88:84: Warning: inserting implicit <span>
    MeasureFairness.html:91:6: Warning: missing </span> before <p>
    MeasureFairness.html:91:85: Warning: inserting implicit <span>
    MeasureFairness.html:94:6: Warning: missing </span> before <p>
    MeasureFairness.html:94:85: Warning: inserting implicit <span>
    MeasureFairness.html:82:6: Warning: trimming empty <span>
    MeasureFairness.html:85:6: Warning: trimming empty <span>
    MeasureFairness.html:88:6: Warning: trimming empty <span>
    MeasureFairness.html:91:6: Warning: trimming empty <span>
    MeasureFairness.html:94:6: Warning: trimming empty <span>
    MeasureFairnessComposite.html:54:6: Warning: missing </span> before <p>
    MeasureFairnessComposite.html:54:89: Warning: inserting implicit <span>
    MeasureFairnessComposite.html:57:6: Warning: missing </span> before <p>
    MeasureFairnessComposite.html:57:86: Warning: inserting implicit <span>
    MeasureFairnessComposite.html:60:6: Warning: missing </span> before <p>
    MeasureFairnessComposite.html:60:84: Warning: inserting implicit <span>
    MeasureFairnessComposite.html:63:6: Warning: missing </span> before <p>
    MeasureFairnessComposite.html:63:85: Warning: inserting implicit <span>
    MeasureFairnessComposite.html:66:6: Warning: missing </span> before <p>
    MeasureFairnessComposite.html:66:85: Warning: inserting implicit <span>
    MeasureFairnessComposite.html:54:6: Warning: trimming empty <span>
    MeasureFairnessComposite.html:57:6: Warning: trimming empty <span>
    MeasureFairnessComposite.html:60:6: Warning: trimming empty <span>
    MeasureFairnessComposite.html:63:6: Warning: trimming empty <span>
    MeasureFairnessComposite.html:66:6: Warning: trimming empty <span>
    MeasureFairnessConstraint.html:75:6: Warning: missing </span> before <p>
    MeasureFairnessConstraint.html:75:89: Warning: inserting implicit <span>
    MeasureFairnessConstraint.html:78:6: Warning: missing </span> before <p>
    MeasureFairnessConstraint.html:78:86: Warning: inserting implicit <span>
    MeasureFairnessConstraint.html:81:6: Warning: missing </span> before <p>
    MeasureFairnessConstraint.html:81:84: Warning: inserting implicit <span>
    MeasureFairnessConstraint.html:84:6: Warning: missing </span> before <p>
    MeasureFairnessConstraint.html:84:85: Warning: inserting implicit <span>
    MeasureFairnessConstraint.html:87:6: Warning: missing </span> before <p>
    MeasureFairnessConstraint.html:87:85: Warning: inserting implicit <span>
    MeasureFairnessConstraint.html:75:6: Warning: trimming empty <span>
    MeasureFairnessConstraint.html:78:6: Warning: trimming empty <span>
    MeasureFairnessConstraint.html:81:6: Warning: trimming empty <span>
    MeasureFairnessConstraint.html:84:6: Warning: trimming empty <span>
    MeasureFairnessConstraint.html:87:6: Warning: trimming empty <span>
    MeasureSubgroup.html:73:6: Warning: missing </span> before <p>
    MeasureSubgroup.html:73:89: Warning: inserting implicit <span>
    MeasureSubgroup.html:76:6: Warning: missing </span> before <p>
    MeasureSubgroup.html:76:86: Warning: inserting implicit <span>
    MeasureSubgroup.html:79:6: Warning: missing </span> before <p>
    MeasureSubgroup.html:79:84: Warning: inserting implicit <span>
    MeasureSubgroup.html:82:6: Warning: missing </span> before <p>
    MeasureSubgroup.html:82:85: Warning: inserting implicit <span>
    MeasureSubgroup.html:85:6: Warning: missing </span> before <p>
    MeasureSubgroup.html:85:85: Warning: inserting implicit <span>
    MeasureSubgroup.html:73:6: Warning: trimming empty <span>
    MeasureSubgroup.html:76:6: Warning: trimming empty <span>
    MeasureSubgroup.html:79:6: Warning: trimming empty <span>
    MeasureSubgroup.html:82:6: Warning: trimming empty <span>
    MeasureSubgroup.html:85:6: Warning: trimming empty <span>
    mlr_learners_classif.fairfgrrm.html:130:6: Warning: missing </span> before <p>
    mlr_learners_classif.fairfgrrm.html:130:92: Warning: inserting implicit <span>
    mlr_learners_classif.fairfgrrm.html:133:6: Warning: missing </span> before <p>
    mlr_learners_classif.fairfgrrm.html:133:86: Warning: inserting implicit <span>
    mlr_learners_classif.fairfgrrm.html:136:6: Warning: missing </span> before <p>
    mlr_learners_classif.fairfgrrm.html:136:84: Warning: inserting implicit <span>
    mlr_learners_classif.fairfgrrm.html:139:6: Warning: missing </span> before <p>
    mlr_learners_classif.fairfgrrm.html:139:87: Warning: inserting implicit <span>
    mlr_learners_classif.fairfgrrm.html:142:6: Warning: missing </span> before <p>
    mlr_learners_classif.fairfgrrm.html:142:95: Warning: inserting implicit <span>
    mlr_learners_classif.fairfgrrm.html:145:6: Warning: missing </span> before <p>
    mlr_learners_classif.fairfgrrm.html:145:85: Warning: inserting implicit <span>
    mlr_learners_classif.fairfgrrm.html:148:6: Warning: missing </span> before <p>
    mlr_learners_classif.fairfgrrm.html:148:85: Warning: inserting implicit <span>
    mlr_learners_classif.fairfgrrm.html:151:6: Warning: missing </span> before <p>
    mlr_learners_classif.fairfgrrm.html:151:85: Warning: inserting implicit <span>
    mlr_learners_classif.fairfgrrm.html:130:6: Warning: trimming empty <span>
    mlr_learners_classif.fairfgrrm.html:133:6: Warning: trimming empty <span>
    mlr_learners_classif.fairfgrrm.html:136:6: Warning: trimming empty <span>
    mlr_learners_classif.fairfgrrm.html:139:6: Warning: trimming empty <span>
    mlr_learners_classif.fairfgrrm.html:142:6: Warning: trimming empty <span>
    mlr_learners_classif.fairfgrrm.html:145:6: Warning: trimming empty <span>
    mlr_learners_classif.fairfgrrm.html:148:6: Warning: trimming empty <span>
    mlr_learners_classif.fairfgrrm.html:151:6: Warning: trimming empty <span>
    mlr_learners_classif.fairzlrm.html:115:6: Warning: missing </span> before <p>
    mlr_learners_classif.fairzlrm.html:115:92: Warning: inserting implicit <span>
    mlr_learners_classif.fairzlrm.html:118:6: Warning: missing </span> before <p>
    mlr_learners_classif.fairzlrm.html:118:86: Warning: inserting implicit <span>
    mlr_learners_classif.fairzlrm.html:121:6: Warning: missing </span> before <p>
    mlr_learners_classif.fairzlrm.html:121:84: Warning: inserting implicit <span>
    mlr_learners_classif.fairzlrm.html:124:6: Warning: missing </span> before <p>
    mlr_learners_classif.fairzlrm.html:124:87: Warning: inserting implicit <span>
    mlr_learners_classif.fairzlrm.html:127:6: Warning: missing </span> before <p>
    mlr_learners_classif.fairzlrm.html:127:95: Warning: inserting implicit <span>
    mlr_learners_classif.fairzlrm.html:130:6: Warning: missing </span> before <p>
    mlr_learners_classif.fairzlrm.html:130:85: Warning: inserting implicit <span>
    mlr_learners_classif.fairzlrm.html:133:6: Warning: missing </span> before <p>
    mlr_learners_classif.fairzlrm.html:133:85: Warning: inserting implicit <span>
    mlr_learners_classif.fairzlrm.html:136:6: Warning: missing </span> before <p>
    mlr_learners_classif.fairzlrm.html:136:85: Warning: inserting implicit <span>
    mlr_learners_classif.fairzlrm.html:115:6: Warning: trimming empty <span>
    mlr_learners_classif.fairzlrm.html:118:6: Warning: trimming empty <span>
    mlr_learners_classif.fairzlrm.html:121:6: Warning: trimming empty <span>
    mlr_learners_classif.fairzlrm.html:124:6: Warning: trimming empty <span>
    mlr_learners_classif.fairzlrm.html:127:6: Warning: trimming empty <span>
    mlr_learners_classif.fairzlrm.html:130:6: Warning: trimming empty <span>
    mlr_learners_classif.fairzlrm.html:133:6: Warning: trimming empty <span>
    mlr_learners_classif.fairzlrm.html:136:6: Warning: trimming empty <span>
    mlr_learners_regr.fairfrrm.html:124:6: Warning: missing </span> before <p>
    mlr_learners_regr.fairfrrm.html:124:92: Warning: inserting implicit <span>
    mlr_learners_regr.fairfrrm.html:127:6: Warning: missing </span> before <p>
    mlr_learners_regr.fairfrrm.html:127:86: Warning: inserting implicit <span>
    mlr_learners_regr.fairfrrm.html:130:6: Warning: missing </span> before <p>
    mlr_learners_regr.fairfrrm.html:130:84: Warning: inserting implicit <span>
    mlr_learners_regr.fairfrrm.html:133:6: Warning: missing </span> before <p>
    mlr_learners_regr.fairfrrm.html:133:87: Warning: inserting implicit <span>
    mlr_learners_regr.fairfrrm.html:136:6: Warning: missing </span> before <p>
    mlr_learners_regr.fairfrrm.html:136:95: Warning: inserting implicit <span>
    mlr_learners_regr.fairfrrm.html:139:6: Warning: missing </span> before <p>
    mlr_learners_regr.fairfrrm.html:139:85: Warning: inserting implicit <span>
    mlr_learners_regr.fairfrrm.html:142:6: Warning: missing </span> before <p>
    mlr_learners_regr.fairfrrm.html:142:85: Warning: inserting implicit <span>
    mlr_learners_regr.fairfrrm.html:145:6: Warning: missing </span> before <p>
    mlr_learners_regr.fairfrrm.html:145:85: Warning: inserting implicit <span>
    mlr_learners_regr.fairfrrm.html:124:6: Warning: trimming empty <span>
    mlr_learners_regr.fairfrrm.html:127:6: Warning: trimming empty <span>
    mlr_learners_regr.fairfrrm.html:130:6: Warning: trimming empty <span>
    mlr_learners_regr.fairfrrm.html:133:6: Warning: trimming empty <span>
    mlr_learners_regr.fairfrrm.html:136:6: Warning: trimming empty <span>
    mlr_learners_regr.fairfrrm.html:139:6: Warning: trimming empty <span>
    mlr_learners_regr.fairfrrm.html:142:6: Warning: trimming empty <span>
    mlr_learners_regr.fairfrrm.html:145:6: Warning: trimming empty <span>
    mlr_learners_regr.fairnclm.html:123:6: Warning: missing </span> before <p>
    mlr_learners_regr.fairnclm.html:123:92: Warning: inserting implicit <span>
    mlr_learners_regr.fairnclm.html:126:6: Warning: missing </span> before <p>
    mlr_learners_regr.fairnclm.html:126:86: Warning: inserting implicit <span>
    mlr_learners_regr.fairnclm.html:129:6: Warning: missing </span> before <p>
    mlr_learners_regr.fairnclm.html:129:84: Warning: inserting implicit <span>
    mlr_learners_regr.fairnclm.html:132:6: Warning: missing </span> before <p>
    mlr_learners_regr.fairnclm.html:132:87: Warning: inserting implicit <span>
    mlr_learners_regr.fairnclm.html:135:6: Warning: missing </span> before <p>
    mlr_learners_regr.fairnclm.html:135:95: Warning: inserting implicit <span>
    mlr_learners_regr.fairnclm.html:138:6: Warning: missing </span> before <p>
    mlr_learners_regr.fairnclm.html:138:85: Warning: inserting implicit <span>
    mlr_learners_regr.fairnclm.html:141:6: Warning: missing </span> before <p>
    mlr_learners_regr.fairnclm.html:141:85: Warning: inserting implicit <span>
    mlr_learners_regr.fairnclm.html:144:6: Warning: missing </span> before <p>
    mlr_learners_regr.fairnclm.html:144:85: Warning: inserting implicit <span>
    mlr_learners_regr.fairnclm.html:123:6: Warning: trimming empty <span>
    mlr_learners_regr.fairnclm.html:126:6: Warning: trimming empty <span>
    mlr_learners_regr.fairnclm.html:129:6: Warning: trimming empty <span>
    mlr_learners_regr.fairnclm.html:132:6: Warning: trimming empty <span>
    mlr_learners_regr.fairnclm.html:135:6: Warning: trimming empty <span>
    mlr_learners_regr.fairnclm.html:138:6: Warning: trimming empty <span>
    mlr_learners_regr.fairnclm.html:141:6: Warning: trimming empty <span>
    mlr_learners_regr.fairnclm.html:144:6: Warning: trimming empty <span>
    mlr_learners_regr.fairzlm.html:115:6: Warning: missing </span> before <p>
    mlr_learners_regr.fairzlm.html:115:92: Warning: inserting implicit <span>
    mlr_learners_regr.fairzlm.html:118:6: Warning: missing </span> before <p>
    mlr_learners_regr.fairzlm.html:118:86: Warning: inserting implicit <span>
    mlr_learners_regr.fairzlm.html:121:6: Warning: missing </span> before <p>
    mlr_learners_regr.fairzlm.html:121:84: Warning: inserting implicit <span>
    mlr_learners_regr.fairzlm.html:124:6: Warning: missing </span> before <p>
    mlr_learners_regr.fairzlm.html:124:87: Warning: inserting implicit <span>
    mlr_learners_regr.fairzlm.html:127:6: Warning: missing </span> before <p>
    mlr_learners_regr.fairzlm.html:127:95: Warning: inserting implicit <span>
    mlr_learners_regr.fairzlm.html:130:6: Warning: missing </span> before <p>
    mlr_learners_regr.fairzlm.html:130:85: Warning: inserting implicit <span>
    mlr_learners_regr.fairzlm.html:133:6: Warning: missing </span> before <p>
    mlr_learners_regr.fairzlm.html:133:85: Warning: inserting implicit <span>
    mlr_learners_regr.fairzlm.html:136:6: Warning: missing </span> before <p>
    mlr_learners_regr.fairzlm.html:136:85: Warning: inserting implicit <span>
    mlr_learners_regr.fairzlm.html:115:6: Warning: trimming empty <span>
    mlr_learners_regr.fairzlm.html:118:6: Warning: trimming empty <span>
    mlr_learners_regr.fairzlm.html:121:6: Warning: trimming empty <span>
    mlr_learners_regr.fairzlm.html:124:6: Warning: trimming empty <span>
    mlr_learners_regr.fairzlm.html:127:6: Warning: trimming empty <span>
    mlr_learners_regr.fairzlm.html:130:6: Warning: trimming empty <span>
    mlr_learners_regr.fairzlm.html:133:6: Warning: trimming empty <span>
    mlr_learners_regr.fairzlm.html:136:6: Warning: trimming empty <span>
    mlr_measures_positive_probability.html:54:6: Warning: missing </span> before <p>
    mlr_measures_positive_probability.html:54:89: Warning: inserting implicit <span>
    mlr_measures_positive_probability.html:57:6: Warning: missing </span> before <p>
    mlr_measures_positive_probability.html:57:86: Warning: inserting implicit <span>
    mlr_measures_positive_probability.html:60:6: Warning: missing </span> before <p>
    mlr_measures_positive_probability.html:60:84: Warning: inserting implicit <span>
    mlr_measures_positive_probability.html:63:6: Warning: missing </span> before <p>
    mlr_measures_positive_probability.html:63:85: Warning: inserting implicit <span>
    mlr_measures_positive_probability.html:66:6: Warning: missing </span> before <p>
    mlr_measures_positive_probability.html:66:85: Warning: inserting implicit <span>
    mlr_measures_positive_probability.html:54:6: Warning: trimming empty <span>
    mlr_measures_positive_probability.html:57:6: Warning: trimming empty <span>
    mlr_measures_positive_probability.html:60:6: Warning: trimming empty <span>
    mlr_measures_positive_probability.html:63:6: Warning: trimming empty <span>
    mlr_measures_positive_probability.html:66:6: Warning: trimming empty <span>
    mlr_pipeops_equalized_odds.html:119:6: Warning: missing </span> before <p>
    mlr_pipeops_equalized_odds.html:119:95: Warning: inserting implicit <span>
    mlr_pipeops_equalized_odds.html:122:6: Warning: missing </span> before <p>
    mlr_pipeops_equalized_odds.html:122:93: Warning: inserting implicit <span>
    mlr_pipeops_equalized_odds.html:125:6: Warning: missing </span> before <p>
    mlr_pipeops_equalized_odds.html:125:93: Warning: inserting implicit <span>
    mlr_pipeops_equalized_odds.html:119:6: Warning: trimming empty <span>
    mlr_pipeops_equalized_odds.html:122:6: Warning: trimming empty <span>
    mlr_pipeops_equalized_odds.html:125:6: Warning: trimming empty <span>
    mlr_pipeops_explicit_pta.html:115:6: Warning: missing </span> before <p>
    mlr_pipeops_explicit_pta.html:115:95: Warning: inserting implicit <span>
    mlr_pipeops_explicit_pta.html:118:6: Warning: missing </span> before <p>
    mlr_pipeops_explicit_pta.html:118:93: Warning: inserting implicit <span>
    mlr_pipeops_explicit_pta.html:121:6: Warning: missing </span> before <p>
    mlr_pipeops_explicit_pta.html:121:93: Warning: inserting implicit <span>
    mlr_pipeops_explicit_pta.html:115:6: Warning: trimming empty <span>
    mlr_pipeops_explicit_pta.html:118:6: Warning: trimming empty <span>
    mlr_pipeops_explicit_pta.html:121:6: Warning: trimming empty <span>
    mlr_pipeops_reweighing.html:141:6: Warning: missing </span> before <p>
    mlr_pipeops_reweighing.html:141:95: Warning: inserting implicit <span>
    mlr_pipeops_reweighing.html:144:6: Warning: missing </span> before <p>
    mlr_pipeops_reweighing.html:144:93: Warning: inserting implicit <span>
    mlr_pipeops_reweighing.html:147:6: Warning: missing </span> before <p>
    mlr_pipeops_reweighing.html:147:93: Warning: inserting implicit <span>
    mlr_pipeops_reweighing.html:253:6: Warning: missing </span> before <p>
    mlr_pipeops_reweighing.html:253:95: Warning: inserting implicit <span>
    mlr_pipeops_reweighing.html:256:6: Warning: missing </span> before <p>
    mlr_pipeops_reweighing.html:256:93: Warning: inserting implicit <span>
    mlr_pipeops_reweighing.html:259:6: Warning: missing </span> before <p>
    mlr_pipeops_reweighing.html:259:93: Warning: inserting implicit <span>
    mlr_pipeops_reweighing.html:266:1: Warning: <a> anchor "method-new" already defined
    mlr_pipeops_reweighing.html:297:1: Warning: <a> anchor "method-clone" already defined
    mlr_pipeops_reweighing.html:141:6: Warning: trimming empty <span>
    mlr_pipeops_reweighing.html:144:6: Warning: trimming empty <span>
    mlr_pipeops_reweighing.html:147:6: Warning: trimming empty <span>
    mlr_pipeops_reweighing.html:253:6: Warning: trimming empty <span>
    mlr_pipeops_reweighing.html:256:6: Warning: trimming empty <span>
    mlr_pipeops_reweighing.html:259:6: Warning: trimming empty <span>
Flavors: r-devel-linux-x86_64-debian-clang, r-devel-linux-x86_64-debian-gcc

Version: 0.3.0
Check: tests
Result: ERROR
     Running ‘testthat.R’ [44s/174s]
    Running the tests in ‘tests/testthat.R’ failed.
    Complete output:
     > if (requireNamespace("testthat", quietly = TRUE)) {
     + library("testthat")
     + library("checkmate")
     + library("mlr3")
     + library("mlr3pipelines")
     + library("mlr3fairness")
     + test_check("mlr3fairness")
     + }
     INFO [05:27:56.492] [mlr3] Running benchmark with 12 resampling iterations
     INFO [05:27:57.932] [mlr3] Applying learner 'classif.rpart' on task 'adult_train' (iter 1/3)
     INFO [05:27:58.610] [mlr3] Applying learner 'classif.rpart' on task 'adult_train' (iter 2/3)
     INFO [05:27:59.043] [mlr3] Applying learner 'classif.rpart' on task 'adult_train' (iter 3/3)
     INFO [05:27:59.480] [mlr3] Applying learner 'classif.featureless' on task 'adult_train' (iter 1/3)
     INFO [05:27:59.784] [mlr3] Applying learner 'classif.featureless' on task 'adult_train' (iter 2/3)
     INFO [05:28:00.060] [mlr3] Applying learner 'classif.featureless' on task 'adult_train' (iter 3/3)
     INFO [05:28:00.446] [mlr3] Applying learner 'classif.rpart' on task 'compas' (iter 1/3)
     INFO [05:28:01.008] [mlr3] Applying learner 'classif.rpart' on task 'compas' (iter 2/3)
     INFO [05:28:01.345] [mlr3] Applying learner 'classif.rpart' on task 'compas' (iter 3/3)
     INFO [05:28:01.415] [mlr3] Applying learner 'classif.featureless' on task 'compas' (iter 1/3)
     INFO [05:28:01.457] [mlr3] Applying learner 'classif.featureless' on task 'compas' (iter 2/3)
     INFO [05:28:01.500] [mlr3] Applying learner 'classif.featureless' on task 'compas' (iter 3/3)
     INFO [05:28:01.628] [mlr3] Finished benchmark
     [ FAIL 1 | WARN 0 | SKIP 27 | PASS 429 ]
    
     ══ Skipped tests ═══════════════════════════════════════════════════════════════
     • On CRAN (24)
     • Only tested locally (3)
    
     ══ Failed tests ════════════════════════════════════════════════════════════════
     ── Failure (test_learners_fairml.R:60:5): regr.fairnclm ────────────────────────
     `result` is not TRUE
    
     `actual` is a list
     `expected` is a logical vector (TRUE)
     [score()] learner 'regr.fairnclm:response' on task 'sanity_reordered' failed: sanity check failed
    
     [ FAIL 1 | WARN 0 | SKIP 27 | PASS 429 ]
     Error: Test failures
     Execution halted
Flavor: r-devel-linux-x86_64-fedora-clang