CRAN Package Check Results for Package mlr

Last updated on 2024-07-21 11:56:48 CEST.

Flavor Version Tinstall Tcheck Ttotal Status Flags
r-devel-linux-x86_64-debian-clang 2.19.2 36.01 293.60 329.61 OK
r-devel-linux-x86_64-debian-gcc 2.19.2 33.22 230.63 263.85 NOTE
r-devel-linux-x86_64-fedora-clang 2.19.2 471.14 NOTE
r-devel-linux-x86_64-fedora-gcc 2.19.2 445.42 OK
r-devel-windows-x86_64 2.19.2 42.00 280.00 322.00 NOTE
r-patched-linux-x86_64 2.19.2 51.55 298.08 349.63 OK
r-release-linux-x86_64 2.19.2 37.92 293.32 331.24 OK
r-release-macos-arm64 2.19.2 116.00 NOTE
r-release-macos-x86_64 2.19.2 365.00 NOTE
r-release-windows-x86_64 2.19.2 39.00 279.00 318.00 OK
r-oldrel-macos-arm64 2.19.2 117.00 NOTE
r-oldrel-macos-x86_64 2.19.2 247.00 NOTE
r-oldrel-windows-x86_64 2.19.2 52.00 359.00 411.00 OK

Check Details

Version: 2.19.2
Check: Rd cross-references
Result: NOTE Found the following Rd file(s) with Rd \link{} targets missing package anchors: TuneMultiCritControl.Rd: OptPath batchmark.Rd: data.table getClassWeightParam.Rd: LearnerParam getLearnerParamSet.Rd: ParamSet getParamSet.Rd: ParamSet makeBaseWrapper.Rd: ParamSet makeExtractFDAFeatMethod.Rd: ParamSet makeModelMultiplexerParamSet.Rd: ParamSet makeTuneControlMBO.Rd: OptPath Please provide package anchors for all Rd \link{} targets not in the package itself and the base packages. Flavors: r-devel-linux-x86_64-debian-gcc, r-devel-windows-x86_64

Version: 2.19.2
Check: installed package size
Result: NOTE installed size is 5.0Mb sub-directories of 1Mb or more: R 1.4Mb data 2.3Mb Flavors: r-devel-linux-x86_64-fedora-clang, r-release-macos-arm64, r-release-macos-x86_64, r-oldrel-macos-arm64, r-oldrel-macos-x86_64

Version: 2.19.2
Check: package dependencies
Result: NOTE Package suggested but not available for checking: ‘Rmpi’ Flavors: r-release-macos-arm64, r-release-macos-x86_64, r-oldrel-macos-arm64, r-oldrel-macos-x86_64