CRAN Package Check Results for Package mlogitBMA

Last updated on 2021-06-20 03:48:30 CEST.

Flavor Version Tinstall Tcheck Ttotal Status Flags
r-devel-linux-x86_64-debian-clang 0.1-6 13.15 106.99 120.14 NOTE
r-devel-linux-x86_64-debian-gcc 0.1-6 10.60 80.12 90.72 NOTE
r-devel-linux-x86_64-fedora-clang 0.1-6 151.15 NOTE
r-devel-linux-x86_64-fedora-gcc 0.1-6 140.77 NOTE
r-devel-windows-x86_64 0.1-6 19.00 129.00 148.00 NOTE
r-devel-windows-x86_64-gcc10-UCRT 0.1-6 NOTE
r-patched-linux-x86_64 0.1-6 13.44 104.51 117.95 NOTE
r-patched-solaris-x86 0.1-6 210.30 NOTE
r-release-linux-x86_64 0.1-6 11.78 103.53 115.31 NOTE
r-release-macos-arm64 0.1-6 NOTE
r-release-macos-x86_64 0.1-6 NOTE
r-release-windows-ix86+x86_64 0.1-6 27.00 175.00 202.00 NOTE
r-oldrel-macos-x86_64 0.1-6 NOTE
r-oldrel-windows-ix86+x86_64 0.1-6 20.00 181.00 201.00 NOTE

Check Details

Version: 0.1-6
Check: dependencies in R code
Result: NOTE
    Packages in Depends field not imported from:
     'BMA' 'abind' 'maxLik'
     These packages need to be imported from (in the NAMESPACE file)
     for when this namespace is loaded but not attached.
Flavors: r-devel-linux-x86_64-debian-clang, r-devel-linux-x86_64-debian-gcc, r-devel-linux-x86_64-fedora-clang, r-devel-linux-x86_64-fedora-gcc, r-devel-windows-x86_64, r-devel-windows-x86_64-gcc10-UCRT, r-patched-linux-x86_64, r-patched-solaris-x86, r-release-linux-x86_64, r-release-macos-arm64, r-release-macos-x86_64, r-release-windows-ix86+x86_64, r-oldrel-macos-x86_64, r-oldrel-windows-ix86+x86_64

Version: 0.1-6
Check: R code for possible problems
Result: NOTE
    bic.glm.bg.data.frame : dropcols: no visible global function definition
     for 'model.matrix'
    bic.glm.bg.data.frame : dropcols: no visible global function definition
     for 'terms.formula'
    bic.glm.bg.data.frame : dropcols: no visible global function definition
     for 'glm'
    bic.glm.bg.data.frame : dropcols: no visible global function definition
     for 'drop1'
    bic.glm.bg.data.frame: no visible global function definition for
     'na.omit'
    bic.glm.bg.data.frame: no visible global function definition for 'glm'
    bic.glm.bg.data.frame: no visible global function definition for
     'model.matrix'
    bic.glm.bg.data.frame: no visible global function definition for
     'formula'
    bic.glm.bg.formula: no visible global function definition for 'terms'
    bic.glm.bg.formula: no visible global function definition for
     'model.matrix'
    bic.glm.bg.matrix : dropcols: no visible global function definition for
     'model.matrix'
    bic.glm.bg.matrix : dropcols: no visible global function definition for
     'terms.formula'
    bic.glm.bg.matrix : dropcols: no visible global function definition for
     'glm'
    bic.glm.bg.matrix : dropcols: no visible global function definition for
     'drop1'
    bic.glm.bg.matrix: no visible global function definition for 'na.omit'
    bic.glm.bg.matrix: no visible global function definition for 'glm'
    bic.glm.bg.matrix: no visible global function definition for
     'model.matrix'
    bic.glm.bg.matrix: no visible global function definition for 'formula'
    do.estimate.mlogit: no visible global function definition for 'maxLik'
    do.mlogit2logit: no visible global function definition for 'formula'
    get.mnl.data: no visible global function definition for 'abind'
    imageplot.mlogit: no visible global function definition for
     'imageplot.bma'
    mnl.spec: no visible global function definition for 'formula'
    mnl.spec: no visible global function definition for 'terms'
    summary.mnl: no visible global function definition for 'coef'
    summary.mnl: no visible global function definition for 'pnorm'
    Undefined global functions or variables:
     abind coef drop1 formula glm imageplot.bma maxLik model.matrix
     na.omit pnorm terms terms.formula
    Consider adding
     importFrom("stats", "coef", "drop1", "formula", "glm", "model.matrix",
     "na.omit", "pnorm", "terms", "terms.formula")
    to your NAMESPACE file.
Flavors: r-devel-linux-x86_64-debian-clang, r-devel-linux-x86_64-debian-gcc, r-devel-linux-x86_64-fedora-clang, r-devel-linux-x86_64-fedora-gcc, r-devel-windows-x86_64, r-devel-windows-x86_64-gcc10-UCRT, r-patched-linux-x86_64, r-patched-solaris-x86, r-release-linux-x86_64, r-release-macos-arm64, r-release-macos-x86_64, r-release-windows-ix86+x86_64, r-oldrel-macos-x86_64, r-oldrel-windows-ix86+x86_64

Version: 0.1-6
Check: compiled code
Result: NOTE
    File ‘mlogitBMA/libs/mlogitBMA.so’:
     Found no calls to: ‘R_registerRoutines’, ‘R_useDynamicSymbols’
    
    It is good practice to register native routines and to disable symbol
    search.
    
    See ‘Writing portable packages’ in the ‘Writing R Extensions’ manual.
Flavors: r-devel-linux-x86_64-fedora-clang, r-devel-linux-x86_64-fedora-gcc