CRAN Package Check Results for Package mlflow

Last updated on 2021-06-21 11:52:11 CEST.

Flavor Version Tinstall Tcheck Ttotal Status Flags
r-devel-linux-x86_64-debian-clang 1.17.0 10.69 80.33 91.02 OK
r-devel-linux-x86_64-debian-gcc 1.18.0 7.83 61.64 69.47 OK
r-devel-linux-x86_64-fedora-clang 1.18.0 118.20 NOTE
r-devel-linux-x86_64-fedora-gcc 1.18.0 107.09 NOTE
r-devel-windows-x86_64 1.18.0 15.00 77.00 92.00 OK
r-devel-windows-x86_64-gcc10-UCRT 1.18.0 ERROR
r-patched-linux-x86_64 1.17.0 10.32 78.83 89.15 OK
r-patched-solaris-x86 1.18.0 156.00 NOTE
r-release-linux-x86_64 1.18.0 8.49 78.46 86.95 OK
r-release-macos-arm64 1.17.0 OK
r-release-macos-x86_64 1.18.0 NOTE
r-release-windows-ix86+x86_64 1.18.0 23.00 109.00 132.00 OK
r-oldrel-macos-x86_64 1.18.0 NOTE

Check Details

Version: 1.18.0
Check: dependencies in R code
Result: NOTE
    Namespace in Imports field not imported from: ‘xml2’
     All declared Imports should be used.
Flavors: r-devel-linux-x86_64-fedora-clang, r-devel-linux-x86_64-fedora-gcc, r-patched-solaris-x86, r-release-macos-x86_64, r-oldrel-macos-x86_64

Version: 1.18.0
Check: package dependencies
Result: ERROR
    Package required but not available: 'httr'
    
    Packages suggested but not available for checking:
     'covr', 'lintr', 'mleap', 'sparklyr'
    
    See section 'The DESCRIPTION file' in the 'Writing R Extensions'
    manual.
Flavor: r-devel-windows-x86_64-gcc10-UCRT