CRAN Package Check Results for Package mlearning

Last updated on 2021-06-17 03:51:04 CEST.

Flavor Version Tinstall Tcheck Ttotal Status Flags
r-devel-linux-x86_64-debian-clang 1.0-0 9.85 80.07 89.92 NOTE
r-devel-linux-x86_64-debian-gcc 1.0-0 8.16 59.31 67.47 NOTE
r-devel-linux-x86_64-fedora-clang 1.0-0 110.73 NOTE
r-devel-linux-x86_64-fedora-gcc 1.0-0 100.45 NOTE
r-devel-windows-x86_64 1.0-0 14.00 75.00 89.00 NOTE
r-devel-windows-x86_64-gcc10-UCRT 1.0-0 NOTE
r-patched-linux-x86_64 1.0-0 8.57 76.67 85.24 NOTE
r-patched-solaris-x86 1.0-0 152.50 NOTE
r-release-linux-x86_64 1.0-0 8.26 77.46 85.72 NOTE
r-release-macos-arm64 1.0-0 NOTE
r-release-macos-x86_64 1.0-0 NOTE
r-release-windows-ix86+x86_64 1.0-0 13.00 96.00 109.00 NOTE
r-oldrel-macos-x86_64 1.0-0 NOTE
r-oldrel-windows-ix86+x86_64 1.0-0 17.00 97.00 114.00 NOTE

Check Details

Version: 1.0-0
Check: dependencies in R code
Result: NOTE
    Unexported objects imported by ':::' calls:
     'MASS:::lda.default' 'MASS:::qda.default'
     'e1071:::naiveBayes.default' 'e1071:::svm.default'
     'randomForest:::randomForest.default'
     See the note in ?`:::` about the use of this operator.
Flavors: r-devel-linux-x86_64-debian-clang, r-devel-linux-x86_64-debian-gcc, r-devel-linux-x86_64-fedora-clang, r-devel-linux-x86_64-fedora-gcc, r-devel-windows-x86_64, r-devel-windows-x86_64-gcc10-UCRT, r-patched-linux-x86_64, r-patched-solaris-x86, r-release-linux-x86_64, r-release-macos-arm64, r-release-macos-x86_64, r-release-windows-ix86+x86_64, r-oldrel-macos-x86_64, r-oldrel-windows-ix86+x86_64

Version: 1.0-0
Check: R code for possible problems
Result: NOTE
    confusionBarplot: no visible global function definition for 'par'
    confusionBarplot: no visible global function definition for 'barplot'
    confusionBarplot: no visible global function definition for 'lines'
    confusionBarplot: no visible global function definition for 'text'
    confusionBarplot: no visible global function definition for 'legend'
    confusionBarplot: no visible global function definition for 'axis'
    confusionImage: no visible global function definition for 'par'
    confusionImage: no visible global function definition for 'image'
    confusionImage: no visible global function definition for 'text'
    confusionImage: no visible global function definition for 'abline'
    confusionImage: no visible global function definition for 'axis'
    confusionImage: no visible global function definition for 'mtext'
    confusionStars: no visible global function definition for 'par'
    confusionStars: no visible global function definition for 'stars'
    confusionStars: no visible global function definition for 'rect'
    Undefined global functions or variables:
     abline axis barplot image legend lines mtext par rect stars text
    Consider adding
     importFrom("graphics", "abline", "axis", "barplot", "image", "legend",
     "lines", "mtext", "par", "rect", "stars", "text")
    to your NAMESPACE file.
Flavors: r-devel-linux-x86_64-debian-clang, r-devel-linux-x86_64-debian-gcc, r-devel-linux-x86_64-fedora-clang, r-devel-linux-x86_64-fedora-gcc, r-devel-windows-x86_64, r-devel-windows-x86_64-gcc10-UCRT, r-patched-linux-x86_64, r-patched-solaris-x86, r-release-linux-x86_64, r-release-macos-arm64, r-release-macos-x86_64, r-release-windows-ix86+x86_64, r-oldrel-macos-x86_64, r-oldrel-windows-ix86+x86_64