CRAN Package Check Results for Package mlbstatsR

Last updated on 2021-11-28 07:50:49 CET.

Flavor Version Tinstall Tcheck Ttotal Status Flags
r-devel-linux-x86_64-debian-clang 0.1.0.3 OK
r-devel-linux-x86_64-debian-gcc 0.1.0.3 5.73 58.23 63.96 OK
r-devel-linux-x86_64-fedora-clang 0.1.0.3 111.18 NOTE
r-devel-linux-x86_64-fedora-gcc 0.1.0.3 96.45 NOTE
r-devel-windows-x86_64-new-UL 0.1.0.3 16.00 127.00 143.00 OK
r-devel-windows-x86_64-new-TK 0.1.0.3 NOTE
r-devel-windows-x86_64-old 0.1.0.3 10.00 109.00 119.00 OK
r-patched-linux-x86_64 0.1.0.3 6.95 72.49 79.44 OK
r-patched-solaris-x86 0.1.0.3 145.10 NOTE
r-release-linux-x86_64 0.1.0.3 6.50 72.87 79.37 OK
r-release-macos-arm64 0.1.0.3 NOTE
r-release-macos-x86_64 0.1.0.3 NOTE
r-release-windows-ix86+x86_64 0.1.0.3 18.00 78.00 96.00 OK
r-oldrel-macos-x86_64 0.1.0.3 NOTE
r-oldrel-windows-ix86+x86_64 0.1.0.3 17.00 108.00 125.00 OK

Check Details

Version: 0.1.0.3
Check: dependencies in R code
Result: NOTE
    Namespace in Imports field not imported from: ‘tibble’
     All declared Imports should be used.
Flavors: r-devel-linux-x86_64-fedora-clang, r-devel-linux-x86_64-fedora-gcc, r-devel-windows-x86_64-new-TK, r-patched-solaris-x86, r-release-macos-arm64, r-release-macos-x86_64, r-oldrel-macos-x86_64