CRAN Package Check Results for Package mize

Last updated on 2021-07-25 19:51:38 CEST.

Flavor Version Tinstall Tcheck Ttotal Status Flags
r-devel-linux-x86_64-debian-clang 0.2.4 8.40 71.77 80.17 NOTE
r-devel-linux-x86_64-debian-gcc 0.2.4 5.26 53.53 58.79 NOTE
r-devel-linux-x86_64-fedora-clang 0.2.4 102.85 NOTE
r-devel-windows-x86_64 0.2.4 10.00 91.00 101.00 NOTE
r-devel-windows-x86_64-gcc10-UCRT 0.2.4 NOTE
r-patched-linux-x86_64 0.2.4 7.10 67.59 74.69 NOTE
r-patched-solaris-x86 0.2.4 114.60 NOTE
r-release-linux-x86_64 0.2.4 6.32 68.60 74.92 NOTE
r-release-macos-arm64 0.2.4 NOTE
r-release-macos-x86_64 0.2.4 NOTE
r-release-windows-ix86+x86_64 0.2.4 12.00 60.00 72.00 NOTE
r-oldrel-macos-x86_64 0.2.4 OK
r-oldrel-windows-ix86+x86_64 0.2.4 9.00 86.00 95.00 OK

Check Details

Version: 0.2.4
Check: LazyData
Result: NOTE
     'LazyData' is specified without a 'data' directory
Flavors: r-devel-linux-x86_64-debian-clang, r-devel-linux-x86_64-debian-gcc, r-devel-linux-x86_64-fedora-clang, r-devel-windows-x86_64, r-devel-windows-x86_64-gcc10-UCRT, r-patched-linux-x86_64, r-patched-solaris-x86, r-release-linux-x86_64, r-release-macos-arm64, r-release-macos-x86_64, r-release-windows-ix86+x86_64