CRAN Package Check Results for Package mize

Last updated on 2023-09-26 16:13:04 CEST.

Flavor Version Tinstall Tcheck Ttotal Status Flags
r-devel-linux-x86_64-debian-clang 0.2.4 6.14 79.69 85.83 NOTE
r-devel-linux-x86_64-debian-gcc 0.2.4 6.19 58.69 64.88 NOTE
r-devel-linux-x86_64-fedora-clang 0.2.4 107.34 NOTE
r-devel-linux-x86_64-fedora-gcc 0.2.4 114.13 NOTE
r-devel-windows-x86_64 0.2.4 10.00 79.00 89.00 NOTE
r-patched-linux-x86_64 0.2.4 8.37 76.52 84.89 NOTE
r-release-linux-x86_64 0.2.4 6.29 76.33 82.62 NOTE
r-release-macos-arm64 0.2.4 42.00 NOTE
r-release-macos-x86_64 0.2.4 64.00 NOTE
r-release-windows-x86_64 0.2.4 7.00 88.00 95.00 NOTE
r-oldrel-macos-arm64 0.2.4 35.00 NOTE
r-oldrel-macos-x86_64 0.2.4 41.00 NOTE
r-oldrel-windows-x86_64 0.2.4 13.00 86.00 99.00 NOTE

Check Details

Version: 0.2.4
Check: LazyData
Result: NOTE
     'LazyData' is specified without a 'data' directory
Flavors: r-devel-linux-x86_64-debian-clang, r-devel-linux-x86_64-debian-gcc, r-devel-linux-x86_64-fedora-clang, r-devel-linux-x86_64-fedora-gcc, r-devel-windows-x86_64, r-patched-linux-x86_64, r-release-linux-x86_64, r-release-macos-arm64, r-release-macos-x86_64, r-release-windows-x86_64, r-oldrel-macos-arm64, r-oldrel-macos-x86_64, r-oldrel-windows-x86_64