Last updated on 2022-05-17 11:49:44 CEST.
Flavor | Version | Tinstall | Tcheck | Ttotal | Status | Flags |
---|---|---|---|---|---|---|
r-devel-linux-x86_64-debian-clang | 2.0.4 | 107.98 | 54.30 | 162.28 | OK | |
r-devel-linux-x86_64-debian-gcc | 2.0.4 | 74.31 | 41.66 | 115.97 | OK | |
r-devel-linux-x86_64-fedora-clang | 2.0.4 | 242.31 | NOTE | |||
r-devel-linux-x86_64-fedora-gcc | 2.0.4 | 189.93 | OK | |||
r-devel-windows-x86_64 | 2.0.4 | 95.00 | 98.00 | 193.00 | OK | |
r-patched-linux-x86_64 | 2.0.4 | 76.67 | 50.16 | 126.83 | OK | |
r-release-linux-x86_64 | 2.0.4 | 73.65 | 50.82 | 124.47 | OK | |
r-release-macos-arm64 | 2.0.4 | 54.00 | NOTE | |||
r-release-macos-x86_64 | 2.0.4 | 69.00 | NOTE | |||
r-release-windows-x86_64 | 2.0.4 | 89.00 | 102.00 | 191.00 | OK | |
r-oldrel-macos-arm64 | 2.0.4 | 58.00 | NOTE | |||
r-oldrel-macos-x86_64 | 2.0.4 | 101.00 | NOTE | |||
r-oldrel-windows-ix86+x86_64 | 2.0.4 | 197.00 | 102.00 | 299.00 | OK |
Version: 2.0.4
Check: installed package size
Result: NOTE
installed size is 8.5Mb
sub-directories of 1Mb or more:
libs 8.1Mb
Flavors: r-devel-linux-x86_64-fedora-clang, r-release-macos-arm64, r-release-macos-x86_64, r-oldrel-macos-arm64, r-oldrel-macos-x86_64