CRAN Package Check Results for Package miscF

Last updated on 2024-06-16 04:51:44 CEST.

Flavor Version Tinstall Tcheck Ttotal Status Flags
r-devel-linux-x86_64-debian-clang 0.1-5 13.85 95.52 109.37 OK
r-devel-linux-x86_64-debian-gcc 0.1-5 11.23 71.75 82.98 OK
r-devel-linux-x86_64-fedora-clang 0.1-5 137.32 NOTE
r-devel-linux-x86_64-fedora-gcc 0.1-5 131.50 OK
r-devel-windows-x86_64 0.1-5 17.00 88.00 105.00 NOTE
r-patched-linux-x86_64 0.1-5 13.52 93.01 106.53 OK
r-release-linux-x86_64 0.1-5 12.60 92.20 104.80 OK
r-release-macos-arm64 0.1-5 43.00 NOTE
r-release-macos-x86_64 0.1-5 64.00 NOTE
r-release-windows-x86_64 0.1-5 18.00 88.00 106.00 NOTE
r-oldrel-macos-arm64 0.1-5 48.00 NOTE
r-oldrel-macos-x86_64 0.1-5 69.00 NOTE
r-oldrel-windows-x86_64 0.1-5 22.00 103.00 125.00 NOTE

Check Details

Version: 0.1-5
Check: Rd cross-references
Result: NOTE Undeclared packages ‘pspline’, ‘lme4’ in Rd xrefs Flavor: r-devel-linux-x86_64-fedora-clang

Version: 0.1-5
Check: package dependencies
Result: NOTE Package suggested but not available for checking: 'BRugs' Flavors: r-devel-windows-x86_64, r-release-windows-x86_64, r-oldrel-windows-x86_64

Version: 0.1-5
Check: package dependencies
Result: NOTE Packages suggested but not available for checking: 'mixAK', 'BRugs' Flavors: r-release-macos-arm64, r-release-macos-x86_64, r-oldrel-macos-arm64, r-oldrel-macos-x86_64

Version: 0.1-5
Check: Rd cross-references
Result: NOTE Package unavailable to check Rd xrefs: ‘mixAK’ Flavors: r-release-macos-arm64, r-release-macos-x86_64, r-oldrel-macos-arm64

Version: 0.1-5
Check: Rd cross-references
Result: NOTE Packages unavailable to check Rd xrefs: ‘lme4’, ‘mixAK’ Flavor: r-oldrel-macos-x86_64