CRAN Package Check Results for Package miscF

Last updated on 2021-03-08 19:51:14 CET.

Flavor Version Tinstall Tcheck Ttotal Status Flags
r-devel-linux-x86_64-debian-clang 0.1-5 12.13 84.69 96.82 OK
r-devel-linux-x86_64-debian-gcc 0.1-5 9.80 64.77 74.57 OK
r-devel-linux-x86_64-fedora-clang 0.1-5 125.59 NOTE
r-devel-linux-x86_64-fedora-gcc 0.1-5 115.81 OK
r-devel-windows-ix86+x86_64 0.1-5 42.00 101.00 143.00 OK
r-devel-windows-x86_64-gcc10-UCRT 0.1-5 NOTE
r-patched-linux-x86_64 0.1-5 12.41 77.82 90.23 OK
r-patched-solaris-x86 0.1-5 168.50 NOTE
r-release-linux-x86_64 0.1-5 12.11 78.63 90.74 OK
r-release-macos-x86_64 0.1-5 NOTE
r-release-windows-ix86+x86_64 0.1-5 28.00 141.00 169.00 OK
r-oldrel-macos-x86_64 0.1-5 NOTE
r-oldrel-windows-ix86+x86_64 0.1-5 23.00 89.00 112.00 OK

Check Details

Version: 0.1-5
Check: Rd cross-references
Result: NOTE
    Undeclared packages ‘pspline’, ‘lme4’ in Rd xrefs
Flavor: r-devel-linux-x86_64-fedora-clang

Version: 0.1-5
Check: package dependencies
Result: NOTE
    Package suggested but not available for checking: 'BRugs'
Flavors: r-devel-windows-x86_64-gcc10-UCRT, r-patched-solaris-x86

Version: 0.1-5
Check: package dependencies
Result: NOTE
    Packages suggested but not available for checking: 'mixAK', 'BRugs'
Flavors: r-release-macos-x86_64, r-oldrel-macos-x86_64

Version: 0.1-5
Check: Rd cross-references
Result: NOTE
    Package unavailable to check Rd xrefs: ‘mixAK’
Flavors: r-release-macos-x86_64, r-oldrel-macos-x86_64